{"id":581,"date":"2023-05-15T10:20:10","date_gmt":"2023-05-15T10:20:10","guid":{"rendered":"http:\/\/websimar01\/simar\/?page_id=581"},"modified":"2023-06-26T16:59:36","modified_gmt":"2023-06-26T16:59:36","slug":"laboratorio","status":"publish","type":"page","link":"https:\/\/www.simar-louresodivelas.pt\/index.php\/laboratorio","title":{"rendered":"Laborat\u00f3rio"},"content":{"rendered":"\t\t<div data-elementor-type=\"wp-page\" data-elementor-id=\"581\" class=\"elementor elementor-581\">\n\t\t\t\t\t\t<section class=\"elementor-section elementor-top-section elementor-element elementor-element-591c9be elementor-section-full_width elementor-section-stretched elementor-section-height-default elementor-section-height-default\" data-id=\"591c9be\" data-element_type=\"section\" data-settings=\"{&quot;stretch_section&quot;:&quot;section-stretched&quot;,&quot;background_background&quot;:&quot;classic&quot;}\">\n\t\t\t\t\t\t<div class=\"elementor-container elementor-column-gap-default\">\n\t\t\t\t\t<div class=\"aux-parallax-section elementor-column elementor-col-100 elementor-top-column elementor-element elementor-element-157a6bf\" data-id=\"157a6bf\" data-element_type=\"column\">\n\t\t\t<div class=\"elementor-widget-wrap elementor-element-populated\">\n\t\t\t\t\t\t<div class=\"elementor-element elementor-element-5f6fa59 elementor-widget elementor-widget-heading\" data-id=\"5f6fa59\" data-element_type=\"widget\" data-widget_type=\"heading.default\">\n\t\t\t\t<div class=\"elementor-widget-container\">\n\t\t\t\t\t<h2 class=\"elementor-heading-title elementor-size-default\">LABORAT\u00d3RIO<\/h2>\t\t\t\t<\/div>\n\t\t\t\t<\/div>\n\t\t\t\t\t<\/div>\n\t\t<\/div>\n\t\t\t\t\t<\/div>\n\t\t<\/section>\n\t\t\t\t<section class=\"elementor-section elementor-top-section elementor-element elementor-element-e90f1de elementor-section-boxed elementor-section-height-default elementor-section-height-default\" data-id=\"e90f1de\" data-element_type=\"section\">\n\t\t\t\t\t\t<div class=\"elementor-container elementor-column-gap-default\">\n\t\t\t\t\t<div class=\"aux-parallax-section elementor-column elementor-col-100 elementor-top-column elementor-element elementor-element-210bc93a\" data-id=\"210bc93a\" data-element_type=\"column\">\n\t\t\t<div class=\"elementor-widget-wrap elementor-element-populated\">\n\t\t\t\t\t\t<div class=\"elementor-element elementor-element-231cd78d elementor-widget elementor-widget-text-editor\" data-id=\"231cd78d\" data-element_type=\"widget\" data-widget_type=\"text-editor.default\">\n\t\t\t\t<div class=\"elementor-widget-container\">\n\t\t\t\t\t\t\t\t\t<p><\/p>\n<p><strong><br><\/strong><\/p><p><strong>O Laborat\u00f3rio<\/strong><\/p>\n<p><\/p>\n<p><\/p>\n<p>A exist\u00eancia do Laborat\u00f3rio de \u00c1guas dos Servi\u00e7os Intermunicipalizados de Loures e Odivelas \u00e9 uma das mais importantes garantias da qualidade da \u00e1gua distribu\u00edda nos dois concelhos.<\/p>\n<p><\/p>\n<p><\/p>\n<p>Conscientes da necessidade de proceder a um maior controlo da \u00e1gua distribu\u00edda para consumo humano, em 1974 cri\u00e1mos o nosso pr\u00f3prio Laborat\u00f3rio de \u00c1guas Pot\u00e1veis em Frielas.<\/p>\n<p><\/p>\n<p><\/p>\n<p>Em 1995 o Laborat\u00f3rio transferiu-se provisoriamente para as instala\u00e7\u00f5es das Alvogas (Loures), onde se manteve at\u00e9 20 de maio de 1999, dia da inaugura\u00e7\u00e3o do novo edif\u00edcio no complexo oficinal de Sete Casas, que veio permitir uma melhoria substancial na presta\u00e7\u00e3o dos nossos servi\u00e7os de recolha, an\u00e1lise e controlo de qualidade da \u00e1gua para consumo humano, por n\u00f3s distribu\u00edda. Esta inova\u00e7\u00e3o tecnol\u00f3gica veio possibilitar uma maior rapidez de resposta entre a identifica\u00e7\u00e3o (ou suspeita) de um problema, na qualidade da \u00e1gua, e o desenvolvimento de a\u00e7\u00f5es indispens\u00e1veis para sua resolu\u00e7\u00e3o.<\/p>\n<p><\/p>\n<p><\/p>\n<p>Em 2000 foi implementado o Sistema de Qualidade que garantiu o reconhecimento dos servi\u00e7os prestados no \u00e2mbito da qualidade, com a concess\u00e3o da Acredita\u00e7\u00e3o por parte do Instituto Portugu\u00eas da Qualidade, para ensaios de \u00e1guas de consumo, naturais e piscinas.<\/p>\n<p><\/p>\n<p><\/p>\n<p>O \u00e2mbito de atividade do Laborat\u00f3rio foi alargado em 2002, quando come\u00e7aram a ser realizadas an\u00e1lises a \u00e1guas residuais dom\u00e9sticas e industriais, segundo os requisitos da legisla\u00e7\u00e3o vigente, e os requisitos estabelecidos pelos ent\u00e3o Servi\u00e7os Municipalizados de Loures para as descargas de \u00e1guas residuais industriais na rede de coletores municipais. Este esfor\u00e7o foi logo reconhecido em 2003, quando o Laborat\u00f3rio conseguiu a Acredita\u00e7\u00e3o para os ensaios anal\u00edticos de \u00c1guas Residuais.<\/p>\n<p><\/p>\n<p><\/p>\n<p>Os pressupostos que levaram \u00e0 cria\u00e7\u00e3o do Laborat\u00f3rio de \u00c1guas ainda hoje se mant\u00eam. No entanto, t\u00eam vindo a ser refor\u00e7ados quer pela legisla\u00e7\u00e3o em vigor, quer pelas pr\u00e1ticas e a\u00e7\u00f5es dos Servi\u00e7os Intermunicipalizados de Loures e Odivelas no \u00e2mbito da Qualidade.<\/p>\n<p><\/p>\n<p><\/p>\n<p>Desde 1974 temos vindo a apostar e investir na monitoriza\u00e7\u00e3o e tratamento da \u00e1gua, promovendo diariamente a colheita de amostras de \u00e1gua, em v\u00e1rios pontos da rede de distribui\u00e7\u00e3o e redes prediais, para posterior an\u00e1lise de controlo anal\u00edtico.<\/p>\n<p><\/p>\n<p><\/p>\n<p>Consulte aqui, mais sobre a&nbsp;<a href=\"http:\/\/websimar01\/simar\/?page_id=1722\">Qualidade da \u00c1gua<\/a>,&nbsp;Servi\u00e7os Anal\u00edticos&nbsp;e&nbsp;Dureza da \u00c1gua.<\/p>\n<p><\/p>\n<p><\/p>\n<p><strong>Principais Atividades do Laborat\u00f3rio de \u00c1guas<\/strong><\/p>\n<p><\/p>\n<p><\/p>\n<p>&nbsp;A principal atividade do nosso Laborat\u00f3rio \u00e9 a realiza\u00e7\u00e3o de an\u00e1lises a \u00e1guas para avalia\u00e7\u00e3o da sua adequabilidade para consumo humano, realizando neste \u00e2mbito as seguintes tipologias de an\u00e1lises:<\/p>\n<p><\/p>\n<p><\/p>\n<p>\u2022 \u00c1guas de abastecimento p\u00fablico;<\/p>\n<p><\/p>\n<p><\/p>\n<p>\u2022 \u00c1guas superficiais ou subterr\u00e2neas.<\/p>\n<p><\/p>\n<p><\/p>\n<p>Como segunda atividade, a realiza\u00e7\u00e3o de an\u00e1lises a:<\/p>\n<p><\/p>\n<p><\/p>\n<p>\u2022 \u00c1guas residuais (dom\u00e9sticas e industriais);<\/p>\n<p><\/p>\n<p><\/p>\n<p>\u2022 \u00c1guas de Piscinas;<\/p>\n<p><\/p>\n<p><\/p>\n<p>\u2022 \u00c1guas Balneares;<\/p>\n<p><\/p>\n<p><\/p>\n<p>\u2022 \u00c1guas de Processo;<\/p>\n<p><\/p>\n<p><\/p>\n<p>\u2022 Pesquisa de Legionella.<\/p>\n<p><\/p>\n<p><\/p>\n<p>O Laborat\u00f3rio de \u00c1guas \u00e9 estruturado em setores independentes, e constitu\u00eddo por tr\u00eas laborat\u00f3rios internos:<\/p>\n<p><\/p>\n<p><\/p>\n<p>\u2022&nbsp;<strong>Amostragem<\/strong>, unidade respons\u00e1vel pela realiza\u00e7\u00e3o de todas as colheitas de amostras de \u00e1gua para o Laborat\u00f3rio e clientes, estando acreditado para colheitas de amostras de \u00e1gua natural, de consumo humano e piscinas. Esta unidade realiza ainda colheitas de amostras de \u00e1guas residuais;<\/p>\n<p><\/p>\n<p><\/p>\n<p>\u2022&nbsp;<strong>Laborat\u00f3rio de Bacteriologia<\/strong>, no qual se realizam todos os ensaios microbiol\u00f3gicos e organol\u00e9ticos, para as \u00e1guas de consumo, naturais, piscinas e residuais, assim como os ensaios biol\u00f3gicos de pesquisa de agentes biol\u00f3gicos;<\/p>\n<p><\/p>\n<p><\/p>\n<p>\u2022&nbsp;<strong>Laborat\u00f3rio de Qu\u00edmica<\/strong>, no qual se realizam todos os ensaios f\u00edsico-qu\u00edmicos, para \u00e1guas naturais, de consumo humano e residuais. Este laborat\u00f3rio est\u00e1 dividido em 3 Laborat\u00f3rios, o Laborat\u00f3rio de Qu\u00edmica, Laborat\u00f3rio de Absor\u00e7\u00e3o At\u00f3mica (no qual se realizam as determina\u00e7\u00f5es de metais) e o Laborat\u00f3rio de Cromatografia, este subdividido em 3 unidades mais pequenas de acordo com a t\u00e9cnica cromatogr\u00e1fica espec\u00edfica, Cromatografia I\u00f3nica (determina\u00e7\u00e3o de cati\u00f5es e ani\u00f5es), Cromatografia L\u00edquida (determina\u00e7\u00e3o dos Hidrocarbonetos Polic\u00edclicos) e Cromatografia Gasosa (determina\u00e7\u00e3o de Hidrocarbonetos e Trihalometanos).<\/p>\n<p><\/p>\t\t\t\t\t\t\t\t<\/div>\n\t\t\t\t<\/div>\n\t\t\t\t\t<\/div>\n\t\t<\/div>\n\t\t\t\t\t<\/div>\n\t\t<\/section>\n\t\t\t\t<\/div>\n\t\t","protected":false},"excerpt":{"rendered":"<p>LABORAT\u00d3RIO O Laborat\u00f3rio A exist\u00eancia do Laborat\u00f3rio de \u00c1guas dos Servi\u00e7os Intermunicipalizados de Loures e Odivelas \u00e9 uma das mais importantes garantias da qualidade da \u00e1gua distribu\u00edda nos dois concelhos. Conscientes da necessidade de proceder a um maior controlo da \u00e1gua distribu\u00edda para consumo humano, em 1974 cri\u00e1mos o nosso pr\u00f3prio Laborat\u00f3rio de \u00c1guas Pot\u00e1veis [&hellip;]<\/p>\n","protected":false},"author":1,"featured_media":0,"parent":0,"menu_order":0,"comment_status":"closed","ping_status":"closed","template":"","meta":{"_monsterinsights_skip_tracking":false,"_monsterinsights_sitenote_active":false,"_monsterinsights_sitenote_note":"","_monsterinsights_sitenote_category":0,"_uf_show_specific_survey":0,"_uf_disable_surveys":false,"footnotes":""},"class_list":["post-581","page","type-page","status-publish","hentry"],"aioseo_notices":[],"_links":{"self":[{"href":"https:\/\/www.simar-louresodivelas.pt\/index.php\/wp-json\/wp\/v2\/pages\/581","targetHints":{"allow":["GET"]}}],"collection":[{"href":"https:\/\/www.simar-louresodivelas.pt\/index.php\/wp-json\/wp\/v2\/pages"}],"about":[{"href":"https:\/\/www.simar-louresodivelas.pt\/index.php\/wp-json\/wp\/v2\/types\/page"}],"author":[{"embeddable":true,"href":"https:\/\/www.simar-louresodivelas.pt\/index.php\/wp-json\/wp\/v2\/users\/1"}],"replies":[{"embeddable":true,"href":"https:\/\/www.simar-louresodivelas.pt\/index.php\/wp-json\/wp\/v2\/comments?post=581"}],"version-history":[{"count":10,"href":"https:\/\/www.simar-louresodivelas.pt\/index.php\/wp-json\/wp\/v2\/pages\/581\/revisions"}],"predecessor-version":[{"id":3395,"href":"https:\/\/www.simar-louresodivelas.pt\/index.php\/wp-json\/wp\/v2\/pages\/581\/revisions\/3395"}],"wp:attachment":[{"href":"https:\/\/www.simar-louresodivelas.pt\/index.php\/wp-json\/wp\/v2\/media?parent=581"}],"curies":[{"name":"wp","href":"https:\/\/api.w.org\/{rel}","templated":true}]}}