{"id":569,"date":"2023-05-15T10:18:31","date_gmt":"2023-05-15T10:18:31","guid":{"rendered":"http:\/\/websimar01\/simar\/?page_id=569"},"modified":"2023-09-10T19:12:07","modified_gmt":"2023-09-10T19:12:07","slug":"sobre-residuos-urbanos","status":"publish","type":"page","link":"https:\/\/www.simar-louresodivelas.pt\/index.php\/sobre-residuos-urbanos","title":{"rendered":"Sobre Res\u00edduos Urbanos"},"content":{"rendered":"\t\t<div data-elementor-type=\"wp-page\" data-elementor-id=\"569\" class=\"elementor elementor-569\">\n\t\t\t\t\t\t<section class=\"elementor-section elementor-top-section elementor-element elementor-element-7e05ac9 elementor-section-full_width elementor-section-stretched elementor-section-height-default elementor-section-height-default\" data-id=\"7e05ac9\" data-element_type=\"section\" data-settings=\"{&quot;stretch_section&quot;:&quot;section-stretched&quot;,&quot;background_background&quot;:&quot;classic&quot;}\">\n\t\t\t\t\t\t<div class=\"elementor-container elementor-column-gap-default\">\n\t\t\t\t\t<div class=\"aux-parallax-section elementor-column elementor-col-100 elementor-top-column elementor-element elementor-element-b0fbe91\" data-id=\"b0fbe91\" data-element_type=\"column\">\n\t\t\t<div class=\"elementor-widget-wrap elementor-element-populated\">\n\t\t\t\t\t\t<div class=\"elementor-element elementor-element-e2faed3 elementor-widget elementor-widget-image\" data-id=\"e2faed3\" data-element_type=\"widget\" data-widget_type=\"image.default\">\n\t\t\t\t<div class=\"elementor-widget-container\">\n\t\t\t\t\t\t\t\t\t\t\t\t\t\t\t<img decoding=\"async\" src=\"https:\/\/www.simar-louresodivelas.pt\/wp-content\/uploads\/2023\/09\/imagem-Residuos-Urbanos.jpg\" title=\"imagem Res\u00edduos Urbanos\" alt=\"imagem Res\u00edduos Urbanos\" loading=\"lazy\" \/>\t\t\t\t\t\t\t\t\t\t\t\t\t\t\t<\/div>\n\t\t\t\t<\/div>\n\t\t\t\t\t<\/div>\n\t\t<\/div>\n\t\t\t\t\t<\/div>\n\t\t<\/section>\n\t\t\t\t<section class=\"elementor-section elementor-top-section elementor-element elementor-element-4e06946 elementor-section-boxed elementor-section-height-default elementor-section-height-default\" data-id=\"4e06946\" data-element_type=\"section\">\n\t\t\t\t\t\t<div class=\"elementor-container elementor-column-gap-default\">\n\t\t\t\t\t<div class=\"aux-parallax-section elementor-column elementor-col-100 elementor-top-column elementor-element elementor-element-4c27eba\" data-id=\"4c27eba\" data-element_type=\"column\">\n\t\t\t<div class=\"elementor-widget-wrap elementor-element-populated\">\n\t\t\t\t\t\t<div class=\"elementor-element elementor-element-eb389d2 elementor-widget elementor-widget-text-editor\" data-id=\"eb389d2\" data-element_type=\"widget\" data-widget_type=\"text-editor.default\">\n\t\t\t\t<div class=\"elementor-widget-container\">\n\t\t\t\t\t\t\t\t\t<p class=\"auto-style47\">Os Servi\u00e7os Intermunicipalizados de \u00c1guas e Res\u00edduos de Loures e Odivelas (SIMAR) s\u00e3o respons\u00e1veis pela recolha e transporte dos res\u00edduos urbanos provenientes de habita\u00e7\u00f5es, nos munic\u00edpios de Loures e Odivelas, garantindo o seu encaminhamento para adequado tratamento e valoriza\u00e7\u00e3o na Valorsul (Valoriza\u00e7\u00e3o e Tratamento de Res\u00edduos S\u00f3lidos das Regi\u00f5es de Lisboa e do Oeste, S.A.).<\/p><p class=\"auto-style47\">\u00a0<\/p><p class=\"auto-style47\">Esta atividade constitui servi\u00e7o p\u00fablico da qual a ERSAR \u00e9 a entidade reguladora.<\/p><p class=\"auto-style47\">\u00a0<\/p><p class=\"auto-style47\">Os res\u00edduos urbanos incluem todos os res\u00edduos que pela sua natureza e composi\u00e7\u00e3o sejam semelhantes aos res\u00edduos de origem dom\u00e9stica, vulgarmente chamado de &#8220;lixo&#8221; (indiferenciados) e a sua produ\u00e7\u00e3o n\u00e3o exceda os 1.100 litros por dia. Nesta categoria incluem-se os materiais recicl\u00e1veis, os res\u00edduos org\u00e2nicos, os res\u00edduos de jardins e os res\u00edduos volumosos (monos).<\/p><p class=\"auto-style47\">\u00a0<\/p><p class=\"auto-style47\">Os SIMAR t\u00eam vindo a realizar v\u00e1rios investimentos para garantir a qualidade dos servi\u00e7os prestados e no respeito por elevados padr\u00f5es de responsabilidade ambiental, financeira e social.<\/p><p class=\"auto-style47\">\u00a0<\/p><p class=\"auto-style47\">Cabe aos mun\u00edcipes dos dois Concelhos participar na redu\u00e7\u00e3o da produ\u00e7\u00e3o de res\u00edduos e na reciclagem atrav\u00e9s da correta separa\u00e7\u00e3o seletiva e utiliza\u00e7\u00e3o dos contentores\/equipamentos disponibilizados.<\/p><p class=\"auto-style47\">\u00a0<\/p><p class=\"auto-style47\">\u00a0Os SIMAR n\u00e3o procedem \u00e0 recolha de\u00a0<b>Res\u00edduos N\u00e3o-urbanos<\/b>\u00a0(res\u00edduos industriais, hospitalares e\/ou perigosos).<\/p><p class=\"auto-style47\">\u00a0<\/p><p class=\"auto-style47\">A gest\u00e3o de outro tipo de res\u00edduos, que possuam uma composi\u00e7\u00e3o id\u00eantica aos de origem dom\u00e9stica, mas cuja produ\u00e7\u00e3o di\u00e1ria seja superior a 1100L, \u00e9 da responsabilidade dos seus produtores, devendo para o efeito contratar a recolha e tratamento dos mesmos a operadores privados e devidamente licenciados. Nestes casos os SIMAR tamb\u00e9m poder\u00e3o efetuar o servi\u00e7o mediante uma presta\u00e7\u00e3o de servi\u00e7os, sendo necess\u00e1rio uma aprova\u00e7\u00e3o pr\u00e9via.<\/p><p class=\"auto-style47\">\u00a0<\/p><p class=\"auto-style47\">\u00a0Os res\u00edduos indiferenciados s\u00e3o transportados para a\u00a0<strong>Central de Tratamento de Res\u00edduos S\u00f3lidos Urbanos<\/strong>, situada em S\u00e3o Jo\u00e3o da Talha.<\/p><p class=\"auto-style47\">\u00a0<\/p><p class=\"auto-style47\">Os materiais recicl\u00e1veis s\u00e3o enviados para a\u00a0<strong>Central de Triagem e Ecocentro<\/strong>, situada em Vale do Forno, Lisboa. Os res\u00edduos org\u00e2nicos s\u00e3o enviados para a\u00a0<b>Esta\u00e7\u00e3o de Tratamento e Valoriza\u00e7\u00e3o Org\u00e2nica<\/b>, situada em S\u00e3o Br\u00e1s, no concelho da Amadora.<\/p><p class=\"auto-style47\">\u00a0<\/p><p class=\"auto-style47\">O cumprimento das metas definidas pelo documento estrat\u00e9gico para a gest\u00e3o dos res\u00edduos urbanos, PERSU 2020, em mat\u00e9ria de preven\u00e7\u00e3o da produ\u00e7\u00e3o de res\u00edduos, prepara\u00e7\u00e3o para a reutiliza\u00e7\u00e3o e reciclagem, e redu\u00e7\u00e3o dos res\u00edduos depositados em aterro est\u00e1 contemplado no PAPERSU &#8211; Plano de A\u00e7\u00e3o dos Munic\u00edpios de Loures e Odivelas para o cumprimento do PERSU 2020, elaborado em articula\u00e7\u00e3o com a Valorsul e aprovado pela Ag\u00eancia Portuguesa do Ambiente em junho de 2016.<\/p><p class=\"auto-style47\">\u00a0<\/p><p class=\"auto-style47\">Clique nas liga\u00e7\u00f5es abaixo para saber mais sobre:<\/p><p class=\"auto-style47\">\u00a0<\/p><p class=\"auto-style47\"><a href=\"https:\/\/www.simar-louresodivelas.pt\/Resi_urb_pag\/res_indif.aspx\"><strong>Res\u00edduos Indiferenciados<\/strong><\/a><\/p><p class=\"auto-style47\"><a href=\"https:\/\/www.simar-louresodivelas.pt\/Resi_urb_pag\/res_org.aspx\"><strong>Res\u00edduos Org\u00e2nicos<\/strong><\/a><\/p><p class=\"auto-style47\"><a href=\"https:\/\/www.simar-louresodivelas.pt\/Resi_urb_pag\/res_jard.aspx\"><strong>Res\u00edduos Verdes ou de Jardins<\/strong><\/a><\/p><p class=\"auto-style47\"><a href=\"https:\/\/www.simar-louresodivelas.pt\/Resi_urb_pag\/recolha_monos.aspx\"><strong>Recolha de Monos ou Monstros<\/strong><\/a><\/p><p class=\"auto-style47\"><a href=\"https:\/\/www.simar-louresodivelas.pt\/Resi_urb_pag\/mate_reciclaveis.aspx\"><strong>Materiais Recicl\u00e1veis<\/strong><\/a><\/p><p class=\"auto-style47\"><a href=\"https:\/\/www.simar-louresodivelas.pt\/Resi_urb_pag\/res_grandes_produtores.aspx\"><strong>Res\u00edduos Urbanos de Grandes Produtores<\/strong><\/a><\/p><p class=\"auto-style47\">\u00a0<\/p><p class=\"auto-style47\">\u00a0<\/p><p class=\"auto-style47\"><strong>Para qualquer quest\u00e3o relacionada com os res\u00edduos dever\u00e1 entrar em contacto com os SIMAR de Loures e Odivelas atrav\u00e9s de<\/strong>:<\/p><p class=\"auto-style47\">\u2022 Linha \u00danica de Atendimento:\u00a0<strong>219 848 500<\/strong><\/p><p class=\"auto-style47\">\u2022 Correio Eletr\u00f3nico:\u00a0<a href=\"mailto:geral@simar-louresodivelas.pt\">geral@simar-louresodivelas.pt<\/a><\/p><p class=\"auto-style47\">\u2022 Carta:\u00a0SIMAR de Loures e Odivelas, Rua Ilha da Madeira, N\u00ba2, 2674-504 LOURES<\/p><p class=\"auto-style47\">\u00a0<\/p><p class=\"auto-style47\">\u00a0<\/p><p class=\"auto-style47\"><strong>Links \u00dateis:<\/strong><\/p><p class=\"auto-style47\">Valorsul:\u00a0<a href=\"http:\/\/www.valorsul.pt\/\" target=\"_blank\" rel=\"noopener\">www.valorsul.pt<\/a><\/p><p class=\"auto-style47\">Ag\u00eancia Portuguesa do Ambiente (APA):\u00a0<a href=\"http:\/\/www.apambiente.pt\/\" target=\"_blank\" rel=\"noopener\">www.apambiente.pt<\/a><\/p><p class=\"auto-style47\">Entidade Reguladora dos Servi\u00e7os de \u00c1guas e Res\u00edduos (ERSAR):\u00a0<a href=\"http:\/\/www.ersar.pt\/\" target=\"_blank\" rel=\"noopener\">www.ersar.pt<\/a><\/p><p class=\"auto-style47\">C\u00e2mara Municipal de Loures:\u00a0<a href=\"http:\/\/www.cm-loures.pt\/\" target=\"_blank\" rel=\"noopener\">www.cm-loures.pt<\/a><\/p><p class=\"auto-style47\">Junta de Freguesia de Bucelas:\u00a0<a href=\"http:\/\/www.jf-bucelas.pt\/\" target=\"_blank\" rel=\"noopener\">www.jf-bucelas.pt<\/a><\/p><p class=\"auto-style47\">Uni\u00e3o das Freguesias de Camarate, Unhos e Apela\u00e7\u00e3o:\u00a0<a href=\"http:\/\/www.jf-camarate-unhos-apelacao.pt\/\" target=\"_blank\" rel=\"noopener\">www.jf-camarate-unhos-apelacao.pt<\/a><\/p><p class=\"auto-style47\">Junta de Freguesia de Fanh\u00f5es:\u00a0<a href=\"http:\/\/www.jf-fanhoes.pt\/\" target=\"_blank\" rel=\"noopener\">www.jf-fanhoes.pt<\/a><\/p><p class=\"auto-style47\">Junta de Freguesia de Loures:\u00a0<a href=\"http:\/\/www.jf-loures.pt\/\" target=\"_blank\" rel=\"noopener\">www.jf-loures.pt<\/a><\/p><p class=\"auto-style47\">Junta de Freguesia de Lousa:\u00a0<a href=\"http:\/\/www.jf-lousa.pt\/\" target=\"_blank\" rel=\"noopener\">www.jf-lousa.pt<\/a><\/p><p class=\"auto-style47\">Uni\u00e3o das Freguesias de Moscavide e Portela:\u00a0<a href=\"http:\/\/www.jf-moscavideportela.pt\/\" target=\"_blank\" rel=\"noopener\">www.jf-moscavideportela.pt<\/a><\/p><p class=\"auto-style47\">Uni\u00e3o das Freguesias de Sacav\u00e9m e Prior Velho:\u00a0<a href=\"http:\/\/www.uf-sacavemepriorvelho.pt\/\" target=\"_blank\" rel=\"noopener\">www.uf-sacavemepriorvelho.pt<\/a><\/p><p class=\"auto-style47\">Uni\u00e3o das Freguesias de Santa Iria de Az\u00f3ia, S\u00e3o Jo\u00e3o da Talha, e Bobadela:\u00a0<a href=\"http:\/\/www.uf-ssb.pt\/\" target=\"_blank\" rel=\"noopener\">www.uf-ssb.pt<\/a><\/p><p class=\"auto-style47\">Uni\u00e3o das Freguesias de Santo Ant\u00e3o e S\u00e3o Juli\u00e3o do Tojal:\u00a0<a href=\"http:\/\/www.jf-tojal.pt\/\" target=\"_blank\" rel=\"noopener\">www.jf-tojal.pt<\/a><\/p><p class=\"auto-style47\">Uni\u00e3o das Freguesias de Santo Ant\u00f3nio dos Cavaleiros e Frielas:\u00a0<a href=\"http:\/\/www.jf-sacf.pt\/\" target=\"_blank\" rel=\"noopener\">www.jf-sacf.pt<\/a><\/p><p class=\"auto-style47\">C\u00e2mara Municipal de Odivelas:\u00a0<a href=\"http:\/\/www.cm-odivelas.pt\/\" target=\"_blank\" rel=\"noopener\">www.cm-odivelas.pt<\/a><\/p><p class=\"auto-style47\">Junta de Freguesia de Odivelas:\u00a0<a href=\"http:\/\/www.jf-odivelas.pt\/\" target=\"_blank\" rel=\"noopener\">www.jf-odivelas.pt<\/a><\/p><p class=\"auto-style47\">Uni\u00e3o das Freguesias de Pontinha e Fam\u00f5es:\u00a0<a href=\"http:\/\/www.jf-pontinhafamoes.pt\/\" target=\"_blank\" rel=\"noopener\">www.jf-pontinhafamoes.pt<\/a><\/p><p class=\"auto-style47\">Uni\u00e3o das Freguesias de P\u00f3voa de Santo Adri\u00e3o e Olival Basto:\u00a0<a href=\"http:\/\/www.uf-povoaolival.pt\/\" target=\"_blank\" rel=\"noopener\">www.uf-povoaolival.pt<\/a><\/p><p class=\"auto-style47\">Uni\u00e3o das Freguesias de Ramada e Cane\u00e7as:\u00a0<a href=\"http:\/\/www.uf-ramadaecanecas.pt\/\" target=\"_blank\" rel=\"noopener\">www.uf-ramadaecanecas.pt<\/a><\/p>\t\t\t\t\t\t\t\t<\/div>\n\t\t\t\t<\/div>\n\t\t\t\t\t<\/div>\n\t\t<\/div>\n\t\t\t\t\t<\/div>\n\t\t<\/section>\n\t\t\t\t<\/div>\n\t\t","protected":false},"excerpt":{"rendered":"<p>Os Servi\u00e7os Intermunicipalizados de \u00c1guas e Res\u00edduos de Loures e Odivelas (SIMAR) s\u00e3o respons\u00e1veis pela recolha e transporte dos res\u00edduos urbanos provenientes de habita\u00e7\u00f5es, nos munic\u00edpios de Loures e Odivelas, garantindo o seu encaminhamento para adequado tratamento e valoriza\u00e7\u00e3o na Valorsul (Valoriza\u00e7\u00e3o e Tratamento de Res\u00edduos S\u00f3lidos das Regi\u00f5es de Lisboa e do Oeste, S.A.). [&hellip;]<\/p>\n","protected":false},"author":1,"featured_media":0,"parent":0,"menu_order":0,"comment_status":"closed","ping_status":"closed","template":"","meta":{"_monsterinsights_skip_tracking":false,"_monsterinsights_sitenote_active":false,"_monsterinsights_sitenote_note":"","_monsterinsights_sitenote_category":0,"_uf_show_specific_survey":0,"_uf_disable_surveys":false,"footnotes":""},"class_list":["post-569","page","type-page","status-publish","hentry"],"aioseo_notices":[],"_links":{"self":[{"href":"https:\/\/www.simar-louresodivelas.pt\/index.php\/wp-json\/wp\/v2\/pages\/569","targetHints":{"allow":["GET"]}}],"collection":[{"href":"https:\/\/www.simar-louresodivelas.pt\/index.php\/wp-json\/wp\/v2\/pages"}],"about":[{"href":"https:\/\/www.simar-louresodivelas.pt\/index.php\/wp-json\/wp\/v2\/types\/page"}],"author":[{"embeddable":true,"href":"https:\/\/www.simar-louresodivelas.pt\/index.php\/wp-json\/wp\/v2\/users\/1"}],"replies":[{"embeddable":true,"href":"https:\/\/www.simar-louresodivelas.pt\/index.php\/wp-json\/wp\/v2\/comments?post=569"}],"version-history":[{"count":29,"href":"https:\/\/www.simar-louresodivelas.pt\/index.php\/wp-json\/wp\/v2\/pages\/569\/revisions"}],"predecessor-version":[{"id":4246,"href":"https:\/\/www.simar-louresodivelas.pt\/index.php\/wp-json\/wp\/v2\/pages\/569\/revisions\/4246"}],"wp:attachment":[{"href":"https:\/\/www.simar-louresodivelas.pt\/index.php\/wp-json\/wp\/v2\/media?parent=569"}],"curies":[{"name":"wp","href":"https:\/\/api.w.org\/{rel}","templated":true}]}}