{"id":540,"date":"2023-05-15T10:09:27","date_gmt":"2023-05-15T10:09:27","guid":{"rendered":"http:\/\/websimar01\/simar\/?page_id=540"},"modified":"2025-09-04T08:11:48","modified_gmt":"2025-09-04T08:11:48","slug":"informacao-de-gestao","status":"publish","type":"page","link":"https:\/\/www.simar-louresodivelas.pt\/index.php\/informacao-de-gestao","title":{"rendered":"Informa\u00e7\u00e3o de Gest\u00e3o"},"content":{"rendered":"\t\t<div data-elementor-type=\"wp-page\" data-elementor-id=\"540\" class=\"elementor elementor-540\">\n\t\t\t\t\t\t<section class=\"elementor-section elementor-top-section elementor-element elementor-element-7f640b0 elementor-section-full_width elementor-section-stretched elementor-section-height-default elementor-section-height-default\" data-id=\"7f640b0\" data-element_type=\"section\" data-settings=\"{&quot;stretch_section&quot;:&quot;section-stretched&quot;,&quot;background_background&quot;:&quot;classic&quot;}\">\n\t\t\t\t\t\t<div class=\"elementor-container elementor-column-gap-default\">\n\t\t\t\t\t<div class=\"aux-parallax-section elementor-column elementor-col-100 elementor-top-column elementor-element elementor-element-d7b9947\" data-id=\"d7b9947\" data-element_type=\"column\">\n\t\t\t<div class=\"elementor-widget-wrap elementor-element-populated\">\n\t\t\t\t\t\t<div class=\"elementor-element elementor-element-6d57af8 elementor-widget elementor-widget-image\" data-id=\"6d57af8\" data-element_type=\"widget\" data-widget_type=\"image.default\">\n\t\t\t\t<div class=\"elementor-widget-container\">\n\t\t\t\t\t\t\t\t\t\t\t\t\t\t\t<img decoding=\"async\" src=\"https:\/\/www.simar-louresodivelas.pt\/wp-content\/uploads\/2023\/09\/INF-GESTAO.jpg\" title=\"INF GEST\u00c3O\" alt=\"INF GEST\u00c3O\" loading=\"lazy\" \/>\t\t\t\t\t\t\t\t\t\t\t\t\t\t\t<\/div>\n\t\t\t\t<\/div>\n\t\t\t\t\t<\/div>\n\t\t<\/div>\n\t\t\t\t\t<\/div>\n\t\t<\/section>\n\t\t\t\t<section class=\"elementor-section elementor-top-section elementor-element elementor-element-2cc88b0 elementor-section-content-middle elementor-section-boxed elementor-section-height-default elementor-section-height-default\" data-id=\"2cc88b0\" data-element_type=\"section\">\n\t\t\t\t\t\t<div class=\"elementor-container elementor-column-gap-narrow\">\n\t\t\t\t\t<div class=\"aux-parallax-section elementor-column elementor-col-100 elementor-top-column elementor-element elementor-element-92cbffa\" data-id=\"92cbffa\" data-element_type=\"column\">\n\t\t\t<div class=\"elementor-widget-wrap elementor-element-populated\">\n\t\t\t\t\t\t<div class=\"elementor-element elementor-element-2dc3ab1 elementor-tabs-alignment-stretch elementor-tabs-view-horizontal elementor-widget elementor-widget-tabs\" data-id=\"2dc3ab1\" data-element_type=\"widget\" data-widget_type=\"tabs.default\">\n\t\t\t\t<div class=\"elementor-widget-container\">\n\t\t\t\t\t\t\t<div class=\"elementor-tabs\">\n\t\t\t<div class=\"elementor-tabs-wrapper\" role=\"tablist\" >\n\t\t\t\t\t\t\t\t\t<div id=\"elementor-tab-title-4791\" class=\"elementor-tab-title elementor-tab-desktop-title\" aria-selected=\"true\" data-tab=\"1\" role=\"tab\" tabindex=\"0\" aria-controls=\"elementor-tab-content-4791\" aria-expanded=\"false\">DOCUMENTOS PREVISIONAIS<\/div>\n\t\t\t\t\t\t\t\t\t<div id=\"elementor-tab-title-4792\" class=\"elementor-tab-title elementor-tab-desktop-title\" aria-selected=\"false\" data-tab=\"2\" role=\"tab\" tabindex=\"-1\" aria-controls=\"elementor-tab-content-4792\" aria-expanded=\"false\">RELAT\u00d3RIOS DE GEST\u00c3O<\/div>\n\t\t\t\t\t\t\t\t\t<div id=\"elementor-tab-title-4793\" class=\"elementor-tab-title elementor-tab-desktop-title\" aria-selected=\"false\" data-tab=\"3\" role=\"tab\" tabindex=\"-1\" aria-controls=\"elementor-tab-content-4793\" aria-expanded=\"false\">PRESTA\u00c7\u00c3O DE CONTAS<\/div>\n\t\t\t\t\t\t\t<\/div>\n\t\t\t<div class=\"elementor-tabs-content-wrapper\" role=\"tablist\" aria-orientation=\"vertical\">\n\t\t\t\t\t\t\t\t\t<div class=\"elementor-tab-title elementor-tab-mobile-title\" aria-selected=\"true\" data-tab=\"1\" role=\"tab\" tabindex=\"0\" aria-controls=\"elementor-tab-content-4791\" aria-expanded=\"false\">DOCUMENTOS PREVISIONAIS<\/div>\n\t\t\t\t\t<div id=\"elementor-tab-content-4791\" class=\"elementor-tab-content elementor-clearfix\" data-tab=\"1\" role=\"tabpanel\" aria-labelledby=\"elementor-tab-title-4791\" tabindex=\"0\" hidden=\"false\"><p><a href=\"\/index.php\/arquivo\/3d-flip-book\/documentos-previsionais-2024-3\" target=\"_blank\" rel=\"noopener\"><img fetchpriority=\"high\" decoding=\"async\" class=\"alignleft wp-image-25658\" src=\"https:\/\/www.simar-louresodivelas.pt\/wp-content\/uploads\/2025\/01\/CAPA-DOCUMENTOS-PREVISIONAIS-2025.png\" alt=\"\" width=\"270\" height=\"378\" srcset=\"https:\/\/www.simar-louresodivelas.pt\/wp-content\/uploads\/2025\/01\/CAPA-DOCUMENTOS-PREVISIONAIS-2025.png 1284w, https:\/\/www.simar-louresodivelas.pt\/wp-content\/uploads\/2025\/01\/CAPA-DOCUMENTOS-PREVISIONAIS-2025-1096x1536.png 1096w\" sizes=\"(max-width: 270px) 100vw, 270px\" \/><\/a><\/p><p><a href=\"https:\/\/www.simar-louresodivelas.pt\/index.php\/arquivo\/3d-flip-book\/documentos-previsionais-2024-2\" target=\"_blank\" rel=\"noopener\"><img decoding=\"async\" class=\"alignleft wp-image-14580\" src=\"https:\/\/www.simar-louresodivelas.pt\/wp-content\/uploads\/2024\/01\/imagem_doc_previsinais-1.jpg\" alt=\"\" width=\"270\" height=\"379\" \/><\/a><\/p><p><a href=\"\/index.php\/arquivo\/3d-flip-book\/documentos-provisionais-2023\" target=\"_blank\" rel=\"noopener\"><br \/><\/a><a href=\"..\/index.php\/arquivo\/3d-flip-book\/documentos-provisionais-2023\" target=\"_blank\" rel=\"noopener\"><img decoding=\"async\" class=\"alignleft wp-image-5010\" src=\"\/wp-content\/uploads\/2023\/09\/DOC-PREVI-2023-_.jpg\" alt=\"\" width=\"270\" height=\"379\" \/><\/a><\/p><\/div>\n\t\t\t\t\t\t\t\t\t<div class=\"elementor-tab-title elementor-tab-mobile-title\" aria-selected=\"false\" data-tab=\"2\" role=\"tab\" tabindex=\"-1\" aria-controls=\"elementor-tab-content-4792\" aria-expanded=\"false\">RELAT\u00d3RIOS DE GEST\u00c3O<\/div>\n\t\t\t\t\t<div id=\"elementor-tab-content-4792\" class=\"elementor-tab-content elementor-clearfix\" data-tab=\"2\" role=\"tabpanel\" aria-labelledby=\"elementor-tab-title-4792\" tabindex=\"0\" hidden=\"hidden\"><p><a href=\"\/index.php\/arquivo\/3d-flip-book\/relatorio-de-gestao-2024\"><img loading=\"lazy\" decoding=\"async\" class=\"alignleft wp-image-30523 size-full\" src=\"https:\/\/www.simar-louresodivelas.pt\/wp-content\/uploads\/2025\/06\/2024.jpg\" alt=\"\" width=\"270\" height=\"379\" \/><\/a><a href=\"\/index.php\/arquivo\/3d-flip-book\/relatorio-de-gestao-2023\/\"><img loading=\"lazy\" decoding=\"async\" class=\"alignleft wp-image-30518 size-full\" src=\"https:\/\/www.simar-louresodivelas.pt\/wp-content\/uploads\/2025\/06\/2023.jpg\" alt=\"\" width=\"270\" height=\"379\" \/><\/a><a href=\"\/index.php\/arquivo\/3d-flip-book\/relges2022\"><img loading=\"lazy\" decoding=\"async\" class=\"alignleft wp-image-30524 size-full\" src=\"https:\/\/www.simar-louresodivelas.pt\/wp-content\/uploads\/2025\/06\/2022.jpg\" alt=\"\" width=\"270\" height=\"379\" \/><\/a><\/p><\/div>\n\t\t\t\t\t\t\t\t\t<div class=\"elementor-tab-title elementor-tab-mobile-title\" aria-selected=\"false\" data-tab=\"3\" role=\"tab\" tabindex=\"-1\" aria-controls=\"elementor-tab-content-4793\" aria-expanded=\"false\">PRESTA\u00c7\u00c3O DE CONTAS<\/div>\n\t\t\t\t\t<div id=\"elementor-tab-content-4793\" class=\"elementor-tab-content elementor-clearfix\" data-tab=\"3\" role=\"tabpanel\" aria-labelledby=\"elementor-tab-title-4793\" tabindex=\"0\" hidden=\"hidden\"><p><a href=\"\/index.php\/arquivo\/3d-flip-book\/prestacao-de-contas-2024\"><img loading=\"lazy\" decoding=\"async\" class=\"alignleft wp-image-30531 size-full\" src=\"https:\/\/www.simar-louresodivelas.pt\/wp-content\/uploads\/2025\/06\/2024_1.jpg\" alt=\"\" width=\"270\" height=\"379\" \/><\/a><a href=\"\/index.php\/arquivo\/3d-flip-book\/prestacao-de-contas-2023\"><img loading=\"lazy\" decoding=\"async\" class=\"alignleft wp-image-30530 size-full\" src=\"https:\/\/www.simar-louresodivelas.pt\/wp-content\/uploads\/2025\/06\/2023_1.jpg\" alt=\"\" width=\"270\" height=\"379\" \/><\/a><a href=\"\/index.php\/arquivo\/3d-flip-book\/prestcontas2022\"><img loading=\"lazy\" decoding=\"async\" class=\"alignnone wp-image-30529 size-full\" src=\"https:\/\/www.simar-louresodivelas.pt\/wp-content\/uploads\/2025\/06\/2022_1.jpg\" alt=\"\" width=\"270\" height=\"379\" \/><\/a><\/p><\/div>\n\t\t\t\t\t\t\t<\/div>\n\t\t<\/div>\n\t\t\t\t\t\t<\/div>\n\t\t\t\t<\/div>\n\t\t\t\t\t<\/div>\n\t\t<\/div>\n\t\t\t\t\t<\/div>\n\t\t<\/section>\n\t\t\t\t<\/div>\n\t\t","protected":false},"excerpt":{"rendered":"<p>DOCUMENTOS PREVISIONAIS RELAT\u00d3RIOS DE GEST\u00c3O PRESTA\u00c7\u00c3O DE CONTAS DOCUMENTOS PREVISIONAIS RELAT\u00d3RIOS DE GEST\u00c3O PRESTA\u00c7\u00c3O DE CONTAS<\/p>\n","protected":false},"author":1,"featured_media":0,"parent":0,"menu_order":0,"comment_status":"closed","ping_status":"closed","template":"","meta":{"_monsterinsights_skip_tracking":false,"_monsterinsights_sitenote_active":false,"_monsterinsights_sitenote_note":"","_monsterinsights_sitenote_category":0,"_uf_show_specific_survey":0,"_uf_disable_surveys":false,"footnotes":""},"class_list":["post-540","page","type-page","status-publish","hentry"],"aioseo_notices":[],"_links":{"self":[{"href":"https:\/\/www.simar-louresodivelas.pt\/index.php\/wp-json\/wp\/v2\/pages\/540","targetHints":{"allow":["GET"]}}],"collection":[{"href":"https:\/\/www.simar-louresodivelas.pt\/index.php\/wp-json\/wp\/v2\/pages"}],"about":[{"href":"https:\/\/www.simar-louresodivelas.pt\/index.php\/wp-json\/wp\/v2\/types\/page"}],"author":[{"embeddable":true,"href":"https:\/\/www.simar-louresodivelas.pt\/index.php\/wp-json\/wp\/v2\/users\/1"}],"replies":[{"embeddable":true,"href":"https:\/\/www.simar-louresodivelas.pt\/index.php\/wp-json\/wp\/v2\/comments?post=540"}],"version-history":[{"count":453,"href":"https:\/\/www.simar-louresodivelas.pt\/index.php\/wp-json\/wp\/v2\/pages\/540\/revisions"}],"predecessor-version":[{"id":34262,"href":"https:\/\/www.simar-louresodivelas.pt\/index.php\/wp-json\/wp\/v2\/pages\/540\/revisions\/34262"}],"wp:attachment":[{"href":"https:\/\/www.simar-louresodivelas.pt\/index.php\/wp-json\/wp\/v2\/media?parent=540"}],"curies":[{"name":"wp","href":"https:\/\/api.w.org\/{rel}","templated":true}]}}