{"id":4172,"date":"2023-07-20T13:58:47","date_gmt":"2023-07-20T13:58:47","guid":{"rendered":"http:\/\/websimar01\/simar\/?page_id=4172"},"modified":"2025-01-06T17:16:32","modified_gmt":"2025-01-06T17:16:32","slug":"sensibilizacao-agua","status":"publish","type":"page","link":"https:\/\/www.simar-louresodivelas.pt\/index.php\/sensibilizacao-agua","title":{"rendered":"Sensibiliza\u00e7\u00e3o \u00c1gua"},"content":{"rendered":"\t\t<div data-elementor-type=\"wp-page\" data-elementor-id=\"4172\" class=\"elementor elementor-4172\">\n\t\t\t\t\t\t<section class=\"elementor-section elementor-top-section elementor-element elementor-element-e1e9e23 elementor-section-full_width elementor-section-stretched elementor-section-height-default elementor-section-height-default\" data-id=\"e1e9e23\" data-element_type=\"section\" data-settings=\"{&quot;stretch_section&quot;:&quot;section-stretched&quot;,&quot;background_background&quot;:&quot;classic&quot;}\">\n\t\t\t\t\t\t<div class=\"elementor-container elementor-column-gap-default\">\n\t\t\t\t\t<div class=\"aux-parallax-section elementor-column elementor-col-100 elementor-top-column elementor-element elementor-element-404cdbd\" data-id=\"404cdbd\" data-element_type=\"column\">\n\t\t\t<div class=\"elementor-widget-wrap elementor-element-populated\">\n\t\t\t\t\t\t<div class=\"elementor-element elementor-element-9c98c67 elementor-widget elementor-widget-image\" data-id=\"9c98c67\" data-element_type=\"widget\" data-widget_type=\"image.default\">\n\t\t\t\t<div class=\"elementor-widget-container\">\n\t\t\t\t\t\t\t\t\t\t\t\t\t\t\t<img decoding=\"async\" src=\"https:\/\/www.simar-louresodivelas.pt\/wp-content\/uploads\/2023\/09\/AGUA-copiar.jpg\" title=\"\u00c1GUA copiar\" alt=\"\u00c1GUA copiar\" loading=\"lazy\" \/>\t\t\t\t\t\t\t\t\t\t\t\t\t\t\t<\/div>\n\t\t\t\t<\/div>\n\t\t\t\t\t<\/div>\n\t\t<\/div>\n\t\t\t\t\t<\/div>\n\t\t<\/section>\n\t\t\t\t<section class=\"elementor-section elementor-top-section elementor-element elementor-element-f066b3b elementor-section-boxed elementor-section-height-default elementor-section-height-default\" data-id=\"f066b3b\" data-element_type=\"section\">\n\t\t\t\t\t\t<div class=\"elementor-container elementor-column-gap-default\">\n\t\t\t\t\t<div class=\"aux-parallax-section elementor-column elementor-col-100 elementor-top-column elementor-element elementor-element-cccd2af\" data-id=\"cccd2af\" data-element_type=\"column\" data-settings=\"{&quot;background_background&quot;:&quot;classic&quot;}\">\n\t\t\t<div class=\"elementor-widget-wrap elementor-element-populated\">\n\t\t\t\t\t\t<div class=\"elementor-element elementor-element-54c246d elementor-widget elementor-widget-text-editor\" data-id=\"54c246d\" data-element_type=\"widget\" data-widget_type=\"text-editor.default\">\n\t\t\t\t<div class=\"elementor-widget-container\">\n\t\t\t\t\t\t\t\t\t<p>A <strong>\u00e1gua<\/strong> \u00e9 essencial \u00e0 vida: garante a exist\u00eancia dos seres humanos, a biodiversidade e o equil\u00edbrio dos ecossistemas.<\/p><p>Por isso, para garantir &#8211; atualmente e para as gera\u00e7\u00f5es futuras &#8211; a disponibilidade de \u00e1gua com qualidade e em quantidade, \u00e9 preciso planear e gerir os seus usos e monitorizar o seu estado.\u00a0<\/p><p>A import\u00e2ncia vital da \u00e1gua levou, em 2010, a Assembleia Geral das <span style=\"text-decoration: underline;\"><span style=\"color: #316cb5;\"><a style=\"color: #316cb5; text-decoration: underline;\" href=\"https:\/\/unric.org\/pt\/\" target=\"_blank\" rel=\"noopener\">Na\u00e7\u00f5es Unidas<\/a><\/span><\/span> a aprovar\u00a0em Resolu\u00e7\u00e3o\u00a0que \u201co acesso a \u00e1gua limpa e ao saneamento b\u00e1sico s\u00e3o direitos humanos fundamentais\u201d, num apelo aos pa\u00edses para que intensifiquem esfor\u00e7os no sentido de disponibilizarem \u00e1gua e saneamento a todos os cidad\u00e3os.<\/p><p>\u00c1gua limpa e saneamento \u00e9 o 6.\u00ba dos <span style=\"text-decoration: underline;\"><strong><span style=\"color: #326da8;\"><a style=\"color: #326da8; text-decoration: underline;\" href=\"https:\/\/unric.org\/pt\/Objetivos-de-Desenvolvimento-Sustentavel\/\" target=\"_blank\" rel=\"noopener\">17 Objetivos para Transformar o nosso Mundo<\/a><\/span><\/strong><\/span>\u00a0da Agenda 2030 da ONU, para transformar o mundo, tendo como meta garantir a disponibilidade e a gest\u00e3o sustent\u00e1vel da \u00e1gua e do saneamento para todos, com acesso universal e equitativo.<\/p><p>Atualmente, 69% do total de \u00e1gua em todo o mundo destina-se \u00e0 agricultura; 19% vai para a ind\u00fastria; enquanto 9% serve o consumo dom\u00e9stico, segundo a <span style=\"text-decoration: underline;\"><span style=\"color: #326da8; text-decoration: underline;\"><a style=\"color: #326da8; text-decoration: underline;\" href=\"http:\/\/www.fao.org\/aquastat\/en\/overview\/methodology\/water-use\" target=\"_blank\" rel=\"noopener\"><span style=\"color: #316cb5; text-decoration: underline;\">Organiza\u00e7\u00e3o das Na\u00e7\u00f5es Unidas para Alimenta\u00e7\u00e3o e Agricultura<\/span><\/a><\/span><\/span> (FAO).<\/p>\t\t\t\t\t\t\t\t<\/div>\n\t\t\t\t<\/div>\n\t\t\t\t\t<\/div>\n\t\t<\/div>\n\t\t\t\t\t<\/div>\n\t\t<\/section>\n\t\t\t\t<section class=\"elementor-section elementor-top-section elementor-element elementor-element-5ef1128 elementor-section-boxed elementor-section-height-default elementor-section-height-default\" data-id=\"5ef1128\" data-element_type=\"section\">\n\t\t\t\t\t\t<div class=\"elementor-container elementor-column-gap-default\">\n\t\t\t\t\t<div class=\"aux-parallax-section elementor-column elementor-col-100 elementor-top-column elementor-element elementor-element-152d141\" data-id=\"152d141\" data-element_type=\"column\">\n\t\t\t<div class=\"elementor-widget-wrap elementor-element-populated\">\n\t\t\t\t\t\t<div class=\"elementor-element elementor-element-b8c370b elementor-widget elementor-widget-image\" data-id=\"b8c370b\" data-element_type=\"widget\" data-widget_type=\"image.default\">\n\t\t\t\t<div class=\"elementor-widget-container\">\n\t\t\t\t\t\t\t\t\t\t\t\t\t\t\t<img fetchpriority=\"high\" decoding=\"async\" width=\"982\" height=\"314\" src=\"https:\/\/www.simar-louresodivelas.pt\/wp-content\/uploads\/2023\/11\/rui-mario-copiar.jpg\" class=\"attachment-large size-large wp-image-12700\" alt=\"\" \/>\t\t\t\t\t\t\t\t\t\t\t\t\t\t\t<\/div>\n\t\t\t\t<\/div>\n\t\t\t\t\t<\/div>\n\t\t<\/div>\n\t\t\t\t\t<\/div>\n\t\t<\/section>\n\t\t\t\t<section class=\"elementor-section elementor-top-section elementor-element elementor-element-c6e5c07 elementor-section-boxed elementor-section-height-default elementor-section-height-default\" data-id=\"c6e5c07\" data-element_type=\"section\">\n\t\t\t\t\t\t<div class=\"elementor-container elementor-column-gap-default\">\n\t\t\t\t\t<div class=\"aux-parallax-section elementor-column elementor-col-100 elementor-top-column elementor-element elementor-element-f487ba0\" data-id=\"f487ba0\" data-element_type=\"column\">\n\t\t\t<div class=\"elementor-widget-wrap elementor-element-populated\">\n\t\t\t\t\t\t<div class=\"elementor-element elementor-element-eeb969b elementor-widget elementor-widget-accordion\" data-id=\"eeb969b\" data-element_type=\"widget\" data-widget_type=\"accordion.default\">\n\t\t\t\t<div class=\"elementor-widget-container\">\n\t\t\t\t\t\t\t<div class=\"elementor-accordion\">\n\t\t\t\t\t\t\t<div class=\"elementor-accordion-item\">\n\t\t\t\t\t<div id=\"elementor-tab-title-2501\" class=\"elementor-tab-title\" data-tab=\"1\" role=\"button\" aria-controls=\"elementor-tab-content-2501\" aria-expanded=\"false\">\n\t\t\t\t\t\t\t\t\t\t\t\t\t<span class=\"elementor-accordion-icon elementor-accordion-icon-right\" aria-hidden=\"true\">\n\t\t\t\t\t\t\t\t\t\t\t\t\t\t\t<span class=\"elementor-accordion-icon-closed\"><i class=\"fas fa-angle-down\"><\/i><\/span>\n\t\t\t\t\t\t\t\t<span class=\"elementor-accordion-icon-opened\"><i class=\"fas fa-angle-up\"><\/i><\/span>\n\t\t\t\t\t\t\t\t\t\t\t\t\t\t<\/span>\n\t\t\t\t\t\t\t\t\t\t\t\t<a class=\"elementor-accordion-title\" tabindex=\"0\">O PROBLEMA DA ESCASSEZ DE \u00c1GUA<\/a>\n\t\t\t\t\t<\/div>\n\t\t\t\t\t<div id=\"elementor-tab-content-2501\" class=\"elementor-tab-content elementor-clearfix\" data-tab=\"1\" role=\"region\" aria-labelledby=\"elementor-tab-title-2501\"><p style=\"text-align: justify;\">Nas \u00faltimas d\u00e9cadas, o problema da escassez de \u00e1gua tem-se agravado, constituindo uma preocupa\u00e7\u00e3o global. Embora a \u00e1gua seja o composto mais abundante no planeta Terra, apenas 1% do volume total da \u00e1gua do planeta \u00e9 \u00e1gua doce acess\u00edvel ao ser humano, segundo o<span style=\"color: #326da8;\"> <span style=\"text-decoration: underline; color: #316cb5;\"><a style=\"color: #316cb5; text-decoration: underline;\" href=\"https:\/\/portaldaagua.pt\/\" target=\"_blank\" rel=\"noopener\">Portal da \u00c1gua<\/a><\/span>.<\/span><\/p><p style=\"text-align: justify;\">Contudo, a sua escassez est\u00e1, em grande parte, relacionada com o estilo de vida das sociedades e com os seus h\u00e1bitos de consumo.<\/p><p style=\"text-align: justify;\">A somar a isto, existe tamb\u00e9m a contamina\u00e7\u00e3o das \u00e1guas (rios, mar ou solo) pelo ser humano, atrav\u00e9s dos esgotos dom\u00e9sticos, da polui\u00e7\u00e3o industrial e agr\u00edcola e das pr\u00e1ticas intensivas, como o uso de pesticidas e fertilizantes; assim como a diminui\u00e7\u00e3o da precipita\u00e7\u00e3o, o aumento das secas e o aquecimento global.<\/p><\/div>\n\t\t\t\t<\/div>\n\t\t\t\t\t\t\t<div class=\"elementor-accordion-item\">\n\t\t\t\t\t<div id=\"elementor-tab-title-2502\" class=\"elementor-tab-title\" data-tab=\"2\" role=\"button\" aria-controls=\"elementor-tab-content-2502\" aria-expanded=\"false\">\n\t\t\t\t\t\t\t\t\t\t\t\t\t<span class=\"elementor-accordion-icon elementor-accordion-icon-right\" aria-hidden=\"true\">\n\t\t\t\t\t\t\t\t\t\t\t\t\t\t\t<span class=\"elementor-accordion-icon-closed\"><i class=\"fas fa-angle-down\"><\/i><\/span>\n\t\t\t\t\t\t\t\t<span class=\"elementor-accordion-icon-opened\"><i class=\"fas fa-angle-up\"><\/i><\/span>\n\t\t\t\t\t\t\t\t\t\t\t\t\t\t<\/span>\n\t\t\t\t\t\t\t\t\t\t\t\t<a class=\"elementor-accordion-title\" tabindex=\"0\">PEGADA H\u00cdDRICA<\/a>\n\t\t\t\t\t<\/div>\n\t\t\t\t\t<div id=\"elementor-tab-content-2502\" class=\"elementor-tab-content elementor-clearfix\" data-tab=\"2\" role=\"region\" aria-labelledby=\"elementor-tab-title-2502\"><p>Este conceito \u00e9 o indicador que expressa o consumo de \u00e1gua envolvido na produ\u00e7\u00e3o dos bens e servi\u00e7os que consumimos.<\/p><p>O relat\u00f3rio <a href=\"https:\/\/waterfootprint.org\/en\/resources\/interactive-tools\/product-gallery\/\" target=\"_blank\" rel=\"noopener\"><span style=\"text-decoration: underline; color: #316cb5;\">Water Foot Print<\/span><span style=\"color: #000000;\"><span style=\"text-decoration: underline;\">,<\/span> <\/span><\/a>considerou Portugal como o sexto pa\u00eds entre 140 com a pegada h\u00eddrica mais elevada por habitante. A raz\u00e3o principal? <strong>O setor agr\u00edcola.<\/strong><\/p><p>Segundo o <span style=\"text-decoration: underline; color: #316cb5;\"><a style=\"color: #316cb5;\" href=\"https:\/\/portaldaagua.pt\/\" target=\"_blank\" rel=\"noopener\">Portal da \u00c1gua<\/a><\/span>, diariamente, cada pessoa em Portugal gasta, em m\u00e9dia, cerca de 187 litros de \u00e1gua em tarefas t\u00e3o banais como cozinhar, limpar, lavar, entre outras. A m\u00e9dia mundial \u00e9 de 110 litros de \u00e1gua por dia.<\/p><p>Alguma vez parou para pensar na pegada h\u00eddrica das suas atividades? Onde ser\u00e1 que desperdi\u00e7a mais \u00e1gua?<\/p><p>Simule a sua\u00a0<span style=\"color: #326da8;\"><span style=\"text-decoration: underline; color: #316cb5;\"><a style=\"color: #316cb5; text-decoration: underline;\" href=\"https:\/\/conselhonacionaldaagua.weebly.com\/simulador-da-pegada-hiacutedrica.html\" target=\"_blank\" rel=\"noopener\">Pegada H\u00eddrica<\/a><\/span><span style=\"color: #000000;\"> e siga as dicas que v\u00e3o fazer a diferen\u00e7a no meio ambiente.<\/span><\/span><\/p><\/div>\n\t\t\t\t<\/div>\n\t\t\t\t\t\t\t<div class=\"elementor-accordion-item\">\n\t\t\t\t\t<div id=\"elementor-tab-title-2503\" class=\"elementor-tab-title\" data-tab=\"3\" role=\"button\" aria-controls=\"elementor-tab-content-2503\" aria-expanded=\"false\">\n\t\t\t\t\t\t\t\t\t\t\t\t\t<span class=\"elementor-accordion-icon elementor-accordion-icon-right\" aria-hidden=\"true\">\n\t\t\t\t\t\t\t\t\t\t\t\t\t\t\t<span class=\"elementor-accordion-icon-closed\"><i class=\"fas fa-angle-down\"><\/i><\/span>\n\t\t\t\t\t\t\t\t<span class=\"elementor-accordion-icon-opened\"><i class=\"fas fa-angle-up\"><\/i><\/span>\n\t\t\t\t\t\t\t\t\t\t\t\t\t\t<\/span>\n\t\t\t\t\t\t\t\t\t\t\t\t<a class=\"elementor-accordion-title\" tabindex=\"0\">DICAS PARA FAZER A DIFEREN\u00c7A NO MEIO AMBIENTE<\/a>\n\t\t\t\t\t<\/div>\n\t\t\t\t\t<div id=\"elementor-tab-content-2503\" class=\"elementor-tab-content elementor-clearfix\" data-tab=\"3\" role=\"region\" aria-labelledby=\"elementor-tab-title-2503\"><p><img decoding=\"async\" class=\"wp-image-6558 size-full alignleft\" src=\"\/wp-content\/uploads\/2023\/09\/AGUA.jpg\" alt=\"\" width=\"1258\" height=\"225\" \/><\/p><ul><li>Feche a torneira enquanto est\u00e1 a lavar os dentes.<\/li><li>Reduza o tempo que gasta a tomar banho.<\/li><li>Feche\u00a0a torneira enquanto se est\u00e1 a ensaboar no duche.<\/li><li>Banho de imers\u00e3o? Nem pense!<\/li><li>Certifique-se de que fecha bem a torneira depois de a utilizar.<\/li><li>Evite fugas de \u00e1gua. Caso tenha uma torneira a pingar, resolva o problema. Se multiplicar as gotas de \u00e1gua pelo per\u00edodo em que n\u00e3o a arranja, acredite que o desperd\u00edcio \u00e9 consider\u00e1vel.<\/li><li>N\u00e3o descarregue o autoclismo por tudo e por nada. Instale um que tenha um bot\u00e3o que permita controlar a quantidade de \u00e1gua nas descargas.<\/li><\/ul><ul><li><img decoding=\"async\" class=\"wp-image-9887 size-full alignleft\" src=\"\/wp-content\/uploads\/2023\/10\/COZINHA.jpg\" alt=\"\" width=\"1258\" height=\"225\" \/><span style=\"color: windowtext; text-decoration: none; text-underline: none;\">Caso tenha m\u00e1quina de lavar-loi\u00e7a<\/span>, encha-a com a quantidade de \u00e1gua suficiente para tapar as v\u00e1rias pe\u00e7as. No final \u00e9 s\u00f3 enxaguar.<\/li><li>Ligue apenas a m\u00e1quina de lavar-loi\u00e7a quando esta estiver completa. Assim, poupa \u00e1gua e energia.<\/li><li>Verifique a classe dos eletrodom\u00e9sticos. Quanto menor ela for, maior ser\u00e1 a quantidade de \u00e1gua gasta e, por consequ\u00eancia, o peso da fatura no final do m\u00eas.<\/li><li>Quando precisar de lavar a roupa, certifique-se de que enche a m\u00e1quina.<\/li><li>N\u00e3o deite o \u00f3leo usado pelo ralo. <a target=\"_blank\" rel=\"noopener\"><span style=\"color: windowtext; text-decoration: none; text-underline: none;\">Cada litro de \u00f3leo pode poluir at\u00e9 um milh\u00e3o de litros de \u00e1gua<\/span><\/a>. Coloque-o numa garrafa e deposite-o num ponto de recolha.<\/li><\/ul><p><img loading=\"lazy\" decoding=\"async\" class=\"wp-image-6567 size-full aligncenter\" src=\"\/wp-content\/uploads\/2023\/09\/JARDIM.jpg\" alt=\"\" width=\"1258\" height=\"225\" \/><\/p><ul><li>Usar a mangueira para limpar o quintal pode parecer eficaz mas, na realidade, com uma vassoura consegue ter um resultado parecido.<\/li><li>No inverno n\u00e3o tem de regar as plantas todas os dias. Certifique-se de que estas est\u00e3o h\u00famidas ao colocar o dedo na terra.<\/li><li>Precisa de lavar o carro? Evite usar a mangueira. Um balde e um pano costumam ser suficientes para que o teu autom\u00f3vel fique limpo.<\/li><li>Recolha a \u00e1gua da chuva, se poss\u00edvel.<\/li><\/ul><ul><li><img loading=\"lazy\" decoding=\"async\" class=\"wp-image-10238 size-full aligncenter\" src=\"\/wp-content\/uploads\/2023\/10\/alimentacao_f.jpg\" alt=\"\" width=\"1258\" height=\"225\" \/>Planeie a alimenta\u00e7\u00e3o de forma a descongelar os alimentos no dia anterior. Assim, n\u00e3o ter\u00e1 de os colocar de molho para esse efeito.<\/li><li>Precisa de cozer legumes? Porque n\u00e3o utilizar essa mesma \u00e1gua para preparar o arroz? Para al\u00e9m de economizar, agrega o sabor e nutrientes dos alimentos.<\/li><li>Se preparar uma refei\u00e7\u00e3o em que tem de utilizar o forno, aproveite-o para tamb\u00e9m colocar l\u00e1 legumes. Assim, evita ter de usar \u00e1gua.<\/li><li>Reaproveite a \u00e1gua com que lava os legumes numa ta\u00e7a para regar as plantas de casa.<\/li><\/ul><\/div>\n\t\t\t\t<\/div>\n\t\t\t\t\t\t\t\t<\/div>\n\t\t\t\t\t\t<\/div>\n\t\t\t\t<\/div>\n\t\t\t\t\t<\/div>\n\t\t<\/div>\n\t\t\t\t\t<\/div>\n\t\t<\/section>\n\t\t\t\t<section class=\"elementor-section elementor-top-section elementor-element elementor-element-f9bfadb elementor-section-boxed elementor-section-height-default elementor-section-height-default\" data-id=\"f9bfadb\" data-element_type=\"section\">\n\t\t\t\t\t\t<div class=\"elementor-container elementor-column-gap-default\">\n\t\t\t\t\t<div class=\"aux-parallax-section elementor-column elementor-col-100 elementor-top-column elementor-element elementor-element-99ce86a\" data-id=\"99ce86a\" data-element_type=\"column\">\n\t\t\t<div class=\"elementor-widget-wrap elementor-element-populated\">\n\t\t\t\t\t\t<div class=\"elementor-element elementor-element-416a9c6 elementor-widget elementor-widget-html\" data-id=\"416a9c6\" data-element_type=\"widget\" data-widget_type=\"html.default\">\n\t\t\t\t<div class=\"elementor-widget-container\">\n\t\t\t\t\t<script src=\"data:text\/javascript;base64,alF1ZXJ5KGRvY3VtZW50KS5yZWFkeShmdW5jdGlvbigkKXt2YXIgZGVsYXk9MTAwO3NldFRpbWVvdXQoZnVuY3Rpb24oKXskKCcuZWxlbWVudG9yLXRhYi10aXRsZScpLnJlbW92ZUNsYXNzKCdlbGVtZW50b3ItYWN0aXZlJyk7JCgnLmVsZW1lbnRvci10YWItY29udGVudCcpLmNzcygnZGlzcGxheScsJ25vbmUnKX0sZGVsYXkpfSk=\" defer><\/script>\n\t\t\t\t<\/div>\n\t\t\t\t<\/div>\n\t\t\t\t\t<\/div>\n\t\t<\/div>\n\t\t\t\t\t<\/div>\n\t\t<\/section>\n\t\t\t\t<\/div>\n\t\t","protected":false},"excerpt":{"rendered":"<p>A \u00e1gua \u00e9 essencial \u00e0 vida: garante a exist\u00eancia dos seres humanos, a biodiversidade e o equil\u00edbrio dos ecossistemas. Por isso, para garantir &#8211; atualmente e para as gera\u00e7\u00f5es futuras &#8211; a disponibilidade de \u00e1gua com qualidade e em quantidade, \u00e9 preciso planear e gerir os seus usos e monitorizar o seu estado.\u00a0 A import\u00e2ncia [&hellip;]<\/p>\n","protected":false},"author":1,"featured_media":0,"parent":0,"menu_order":0,"comment_status":"closed","ping_status":"closed","template":"","meta":{"_monsterinsights_skip_tracking":false,"_monsterinsights_sitenote_active":false,"_monsterinsights_sitenote_note":"","_monsterinsights_sitenote_category":0,"_uf_show_specific_survey":0,"_uf_disable_surveys":false,"footnotes":""},"class_list":["post-4172","page","type-page","status-publish","hentry"],"aioseo_notices":[],"_links":{"self":[{"href":"https:\/\/www.simar-louresodivelas.pt\/index.php\/wp-json\/wp\/v2\/pages\/4172","targetHints":{"allow":["GET"]}}],"collection":[{"href":"https:\/\/www.simar-louresodivelas.pt\/index.php\/wp-json\/wp\/v2\/pages"}],"about":[{"href":"https:\/\/www.simar-louresodivelas.pt\/index.php\/wp-json\/wp\/v2\/types\/page"}],"author":[{"embeddable":true,"href":"https:\/\/www.simar-louresodivelas.pt\/index.php\/wp-json\/wp\/v2\/users\/1"}],"replies":[{"embeddable":true,"href":"https:\/\/www.simar-louresodivelas.pt\/index.php\/wp-json\/wp\/v2\/comments?post=4172"}],"version-history":[{"count":187,"href":"https:\/\/www.simar-louresodivelas.pt\/index.php\/wp-json\/wp\/v2\/pages\/4172\/revisions"}],"predecessor-version":[{"id":25766,"href":"https:\/\/www.simar-louresodivelas.pt\/index.php\/wp-json\/wp\/v2\/pages\/4172\/revisions\/25766"}],"wp:attachment":[{"href":"https:\/\/www.simar-louresodivelas.pt\/index.php\/wp-json\/wp\/v2\/media?parent=4172"}],"curies":[{"name":"wp","href":"https:\/\/api.w.org\/{rel}","templated":true}]}}