{"id":4029,"date":"2023-07-19T11:42:41","date_gmt":"2023-07-19T11:42:41","guid":{"rendered":"http:\/\/websimar01\/simar\/?page_id=4029"},"modified":"2025-11-06T12:42:55","modified_gmt":"2025-11-06T12:42:55","slug":"residuos-volumosos","status":"publish","type":"page","link":"https:\/\/www.simar-louresodivelas.pt\/index.php\/residuos-volumosos","title":{"rendered":"Res\u00edduos Volumosos"},"content":{"rendered":"\t\t<div data-elementor-type=\"wp-page\" data-elementor-id=\"4029\" class=\"elementor elementor-4029\">\n\t\t\t\t\t\t<section class=\"elementor-section elementor-top-section elementor-element elementor-element-bda85d5 elementor-section-full_width elementor-section-stretched elementor-section-height-default elementor-section-height-default\" data-id=\"bda85d5\" data-element_type=\"section\" data-settings=\"{&quot;stretch_section&quot;:&quot;section-stretched&quot;,&quot;background_background&quot;:&quot;classic&quot;}\">\n\t\t\t\t\t\t<div class=\"elementor-container elementor-column-gap-default\">\n\t\t\t\t\t<div class=\"aux-parallax-section elementor-column elementor-col-100 elementor-top-column elementor-element elementor-element-8824b4b\" data-id=\"8824b4b\" data-element_type=\"column\">\n\t\t\t<div class=\"elementor-widget-wrap elementor-element-populated\">\n\t\t\t\t\t\t<div class=\"elementor-element elementor-element-c9d355f elementor-widget elementor-widget-image\" data-id=\"c9d355f\" data-element_type=\"widget\" data-widget_type=\"image.default\">\n\t\t\t\t<div class=\"elementor-widget-container\">\n\t\t\t\t\t\t\t\t\t\t\t\t\t\t\t<img decoding=\"async\" src=\"https:\/\/www.simar-louresodivelas.pt\/wp-content\/uploads\/2023\/09\/residuos-volumosos.jpg\" title=\"res\u00edduos volumosos\" alt=\"res\u00edduos volumosos\" loading=\"lazy\" \/>\t\t\t\t\t\t\t\t\t\t\t\t\t\t\t<\/div>\n\t\t\t\t<\/div>\n\t\t\t\t\t<\/div>\n\t\t<\/div>\n\t\t\t\t\t<\/div>\n\t\t<\/section>\n\t\t\t\t<section class=\"elementor-section elementor-top-section elementor-element elementor-element-1e666e1 elementor-section-boxed elementor-section-height-default elementor-section-height-default\" data-id=\"1e666e1\" data-element_type=\"section\">\n\t\t\t\t\t\t<div class=\"elementor-container elementor-column-gap-default\">\n\t\t\t\t\t<div class=\"aux-parallax-section elementor-column elementor-col-100 elementor-top-column elementor-element elementor-element-ccf6a83\" data-id=\"ccf6a83\" data-element_type=\"column\">\n\t\t\t<div class=\"elementor-widget-wrap elementor-element-populated\">\n\t\t\t\t\t\t<div class=\"elementor-element elementor-element-4d48b13 elementor-widget-divider--view-line_icon elementor-view-default elementor-widget-divider--element-align-center elementor-widget elementor-widget-divider\" data-id=\"4d48b13\" data-element_type=\"widget\" data-widget_type=\"divider.default\">\n\t\t\t\t<div class=\"elementor-widget-container\">\n\t\t\t\t\t\t\t<div class=\"elementor-divider\">\n\t\t\t<span class=\"elementor-divider-separator\">\n\t\t\t\t\t\t\t<div class=\"elementor-icon elementor-divider__element\">\n\t\t\t\t\t<i aria-hidden=\"true\" class=\"fas fa-couch\"><\/i><\/div>\n\t\t\t\t\t\t<\/span>\n\t\t<\/div>\n\t\t\t\t\t\t<\/div>\n\t\t\t\t<\/div>\n\t\t\t\t\t<\/div>\n\t\t<\/div>\n\t\t\t\t\t<\/div>\n\t\t<\/section>\n\t\t\t\t<section class=\"elementor-section elementor-top-section elementor-element elementor-element-95206ac elementor-section-boxed elementor-section-height-default elementor-section-height-default\" data-id=\"95206ac\" data-element_type=\"section\" data-settings=\"{&quot;background_background&quot;:&quot;gradient&quot;}\">\n\t\t\t\t\t\t<div class=\"elementor-container elementor-column-gap-default\">\n\t\t\t\t\t<div class=\"aux-parallax-section elementor-column elementor-col-100 elementor-top-column elementor-element elementor-element-122e73b\" data-id=\"122e73b\" data-element_type=\"column\" data-settings=\"{&quot;background_background&quot;:&quot;classic&quot;}\">\n\t\t\t<div class=\"elementor-widget-wrap elementor-element-populated\">\n\t\t\t\t\t\t<div class=\"elementor-element elementor-element-e64f94c elementor-widget elementor-widget-text-editor\" data-id=\"e64f94c\" data-element_type=\"widget\" data-widget_type=\"text-editor.default\">\n\t\t\t\t<div class=\"elementor-widget-container\">\n\t\t\t\t\t\t\t\t\t<p>Os res\u00edduos volumosos (ou monos, ou <em>monstros<\/em>) s\u00e3o os objetos que, pelo seu volume, forma, dimens\u00f5es ou outras caracter\u00edsticas, n\u00e3o podem ser recolhidos pelos meios normais de recolha. S\u00e3o exemplo deste tipo de res\u00edduos: os m\u00f3veis, colch\u00f5es, sof\u00e1s, tapetes, <span style=\"text-decoration: underline; color: #316cb5;\"><a style=\"color: #316cb5;\" href=\"\/index.php\/residuos-de-equipamentos-de-eletricos-e-eletronicos\/\" target=\"_blank\" rel=\"noopener\">eletrodom\u00e9sticos<\/a><\/span>, etc.<\/p><p>N\u00e3o abandone os seus m<em>onstros<\/em>\/monos na rua! <br \/>Colabore na constru\u00e7\u00e3o de uma cidade limpa promovendo a reciclagem ou reutiliza\u00e7\u00e3o de parte destes res\u00edduos.<\/p><p>Se n\u00e3o for poss\u00edvel a sua reutiliza\u00e7\u00e3o, solicite a sua recolha aos SIMAR:<br \/>&#8211; pela Linha Exclusiva e Gratuita &#8211; 800 100 250\u00a0 (24h\/7)<br \/>ou <br \/>&#8211; envie e-mail para: <span style=\"text-decoration: underline;\"><span style=\"color: #316cb5; text-decoration: underline;\"><a style=\"color: #316cb5; text-decoration: underline;\" href=\"mailto:geral@simar-louresodivelas.pt\">geral@simar-louresodivelas.pt<\/a><\/span><\/span><\/p><p style=\"text-align: left;\">Esta recolha \u00e9 gratuita para todos os utilizadores dos servi\u00e7os de \u00e1guas e res\u00edduos dos SIMAR, com produ\u00e7\u00e3o de res\u00edduos urbanos inferior a 1100L\/dia e ser\u00e1 efetuada em data e local a acordar. Ap\u00f3s a solicita\u00e7\u00e3o da recolha, o prazo m\u00e1ximo de resposta n\u00e3o ultrapassa os 5 dias \u00fateis. Devem ser cumpridas as <span style=\"text-decoration: underline;\"><a href=\"\/index.php\/residuos-urbanos-sensibilizacao\/\" target=\"_blank\" rel=\"noopener\"><span style=\"color: #326da8; text-decoration: underline;\">Regras de Deposi\u00e7\u00e3o\/Separa\u00e7\u00e3o<\/span><\/a>.<\/span><\/p><p>Para os restantes utilizadores dos servi\u00e7os de \u00e1guas e res\u00edduos,\u00a0 a recolha ser\u00e1 efetuada mediante or\u00e7amento e de acordo com a estrutura tarif\u00e1ria em vigor.<\/p><p>Poder\u00e1, tamb\u00e9m, solicitar este servi\u00e7o \u00e0 sua Junta de Freguesia, consulte os <span style=\"color: #326da8;\"><strong data-wp-editing=\"1\"><span style=\"color: #ffffff;\"><span style=\"color: #000000;\"><img decoding=\"async\" class=\"emoji\" role=\"img\" draggable=\"false\" src=\"https:\/\/s.w.org\/images\/core\/emoji\/14.0.0\/svg\/1f517.svg\" alt=\"\ud83d\udd17\" \/><\/span><\/span><\/strong><\/span><a href=\"https:\/\/www.simar-louresodivelas.pt\/wp-content\/uploads\/2023\/10\/monos_juntas_.pdf\" target=\"_blank\" rel=\"noopener\"><span style=\"text-decoration: underline; color: #316cb5;\">Contactos do Servi\u00e7o de Recolha de Monos<\/span><\/a>.<\/p><p>Depois de uma triagem preliminar, estes res\u00edduos s\u00e3o encaminhados para o <span style=\"text-decoration: underline;\"><span style=\"color: #326da8;\"><a style=\"color: #326da8; text-decoration: underline;\" href=\"https:\/\/www.valorsul.pt\/pt\/areas-de-negocio\/tratamento-e-valorizacao-de-residuos-urbanos\/triagem-de-materiais-reciclaveis\/triagem-de-materiais-reciclaveis\/centro-de-triagem-do-lumiar\/\" target=\"_blank\" rel=\"noopener\">Ecocentro da Valorsul<\/a> <\/span><\/span>ou outra infraestrutura sob responsabilidade de um operador licenciado, para reutiliza\u00e7\u00e3o ou destino final adequado.<\/p>\t\t\t\t\t\t\t\t<\/div>\n\t\t\t\t<\/div>\n\t\t\t\t\t<\/div>\n\t\t<\/div>\n\t\t\t\t\t<\/div>\n\t\t<\/section>\n\t\t\t\t<\/div>\n\t\t","protected":false},"excerpt":{"rendered":"<p>Os res\u00edduos volumosos (ou monos, ou monstros) s\u00e3o os objetos que, pelo seu volume, forma, dimens\u00f5es ou outras caracter\u00edsticas, n\u00e3o podem ser recolhidos pelos meios normais de recolha. S\u00e3o exemplo deste tipo de res\u00edduos: os m\u00f3veis, colch\u00f5es, sof\u00e1s, tapetes, eletrodom\u00e9sticos, etc. N\u00e3o abandone os seus monstros\/monos na rua! Colabore na constru\u00e7\u00e3o de uma cidade limpa [&hellip;]<\/p>\n","protected":false},"author":1,"featured_media":0,"parent":0,"menu_order":0,"comment_status":"closed","ping_status":"closed","template":"","meta":{"_monsterinsights_skip_tracking":false,"_monsterinsights_sitenote_active":false,"_monsterinsights_sitenote_note":"","_monsterinsights_sitenote_category":0,"_uf_show_specific_survey":0,"_uf_disable_surveys":false,"footnotes":""},"class_list":["post-4029","page","type-page","status-publish","hentry"],"aioseo_notices":[],"_links":{"self":[{"href":"https:\/\/www.simar-louresodivelas.pt\/index.php\/wp-json\/wp\/v2\/pages\/4029","targetHints":{"allow":["GET"]}}],"collection":[{"href":"https:\/\/www.simar-louresodivelas.pt\/index.php\/wp-json\/wp\/v2\/pages"}],"about":[{"href":"https:\/\/www.simar-louresodivelas.pt\/index.php\/wp-json\/wp\/v2\/types\/page"}],"author":[{"embeddable":true,"href":"https:\/\/www.simar-louresodivelas.pt\/index.php\/wp-json\/wp\/v2\/users\/1"}],"replies":[{"embeddable":true,"href":"https:\/\/www.simar-louresodivelas.pt\/index.php\/wp-json\/wp\/v2\/comments?post=4029"}],"version-history":[{"count":94,"href":"https:\/\/www.simar-louresodivelas.pt\/index.php\/wp-json\/wp\/v2\/pages\/4029\/revisions"}],"predecessor-version":[{"id":36543,"href":"https:\/\/www.simar-louresodivelas.pt\/index.php\/wp-json\/wp\/v2\/pages\/4029\/revisions\/36543"}],"wp:attachment":[{"href":"https:\/\/www.simar-louresodivelas.pt\/index.php\/wp-json\/wp\/v2\/media?parent=4029"}],"curies":[{"name":"wp","href":"https:\/\/api.w.org\/{rel}","templated":true}]}}