{"id":32141,"date":"2025-07-11T09:50:54","date_gmt":"2025-07-11T09:50:54","guid":{"rendered":"https:\/\/www.simar-louresodivelas.pt\/?page_id=32141"},"modified":"2025-07-11T14:20:45","modified_gmt":"2025-07-11T14:20:45","slug":"delegacoes-de-competencias","status":"publish","type":"page","link":"https:\/\/www.simar-louresodivelas.pt\/index.php\/delegacoes-de-competencias","title":{"rendered":"Delega\u00e7\u00f5es de Compet\u00eancias"},"content":{"rendered":"\t\t<div data-elementor-type=\"wp-page\" data-elementor-id=\"32141\" class=\"elementor elementor-32141\">\n\t\t\t\t\t\t<section class=\"elementor-section elementor-top-section elementor-element elementor-element-b8559da elementor-section-full_width elementor-section-stretched elementor-section-height-default elementor-section-height-default\" data-id=\"b8559da\" data-element_type=\"section\" data-settings=\"{&quot;stretch_section&quot;:&quot;section-stretched&quot;,&quot;background_background&quot;:&quot;classic&quot;}\">\n\t\t\t\t\t\t<div class=\"elementor-container elementor-column-gap-default\">\n\t\t\t\t\t<div class=\"aux-parallax-section elementor-column elementor-col-100 elementor-top-column elementor-element elementor-element-ab2bb38\" data-id=\"ab2bb38\" data-element_type=\"column\">\n\t\t\t<div class=\"elementor-widget-wrap elementor-element-populated\">\n\t\t\t\t\t\t<div class=\"elementor-element elementor-element-396c285 elementor-widget elementor-widget-image\" data-id=\"396c285\" data-element_type=\"widget\" data-widget_type=\"image.default\">\n\t\t\t\t<div class=\"elementor-widget-container\">\n\t\t\t\t\t\t\t\t\t\t\t\t\t\t\t<img decoding=\"async\" src=\"https:\/\/www.simar-louresodivelas.pt\/wp-content\/uploads\/2025\/07\/barra_site.jpg\" title=\"barra_site\" alt=\"barra_site\" loading=\"lazy\" \/>\t\t\t\t\t\t\t\t\t\t\t\t\t\t\t<\/div>\n\t\t\t\t<\/div>\n\t\t\t\t\t<\/div>\n\t\t<\/div>\n\t\t\t\t\t<\/div>\n\t\t<\/section>\n\t\t\t\t<section class=\"elementor-section elementor-top-section elementor-element elementor-element-d149b8e elementor-section-boxed elementor-section-height-default elementor-section-height-default\" data-id=\"d149b8e\" data-element_type=\"section\">\n\t\t\t\t\t\t<div class=\"elementor-container elementor-column-gap-default\">\n\t\t\t\t\t<div class=\"aux-parallax-section elementor-column elementor-col-100 elementor-top-column elementor-element elementor-element-9eab811\" data-id=\"9eab811\" data-element_type=\"column\">\n\t\t\t<div class=\"elementor-widget-wrap elementor-element-populated\">\n\t\t\t\t\t\t<div class=\"elementor-element elementor-element-92e48b9 elementor-widget-divider--view-line_icon elementor-view-default elementor-widget-divider--element-align-center elementor-widget elementor-widget-divider\" data-id=\"92e48b9\" data-element_type=\"widget\" data-widget_type=\"divider.default\">\n\t\t\t\t<div class=\"elementor-widget-container\">\n\t\t\t\t\t\t\t<div class=\"elementor-divider\">\n\t\t\t<span class=\"elementor-divider-separator\">\n\t\t\t\t\t\t\t<div class=\"elementor-icon elementor-divider__element\">\n\t\t\t\t\t<i aria-hidden=\"true\" class=\"fas fa-handshake\"><\/i><\/div>\n\t\t\t\t\t\t<\/span>\n\t\t<\/div>\n\t\t\t\t\t\t<\/div>\n\t\t\t\t<\/div>\n\t\t\t\t\t<\/div>\n\t\t<\/div>\n\t\t\t\t\t<\/div>\n\t\t<\/section>\n\t\t\t\t<section class=\"elementor-section elementor-top-section elementor-element elementor-element-edfd489 elementor-section-boxed elementor-section-height-default elementor-section-height-default\" data-id=\"edfd489\" data-element_type=\"section\">\n\t\t\t\t\t\t<div class=\"elementor-container elementor-column-gap-default\">\n\t\t\t\t\t<div class=\"aux-parallax-section elementor-column elementor-col-100 elementor-top-column elementor-element elementor-element-e07c5e7\" data-id=\"e07c5e7\" data-element_type=\"column\" data-settings=\"{&quot;background_background&quot;:&quot;classic&quot;}\">\n\t\t\t<div class=\"elementor-widget-wrap elementor-element-populated\">\n\t\t\t\t\t\t<div class=\"elementor-element elementor-element-7e4af6e elementor-widget elementor-widget-text-editor\" data-id=\"7e4af6e\" data-element_type=\"widget\" data-widget_type=\"text-editor.default\">\n\t\t\t\t<div class=\"elementor-widget-container\">\n\t\t\t\t\t\t\t\t\t<p><a href=\"\/wp-content\/uploads\/2025\/07\/I110072025-Subdelegacao-de-competencias-DD-DFISC.pdf\" target=\"_blank\" rel=\"noopener\"><span style=\"color: #316cb5;\"><strong>\ud83d\udd17<\/strong><span style=\"text-decoration: underline;\"> I\/11007\/2025 &#8211; Subdelega\u00e7\u00e3o de Compet\u00eancias DD &#8211; DFISC<\/span><\/span><\/a><\/p><p><a href=\"\/wp-content\/uploads\/2025\/07\/I110062025-Subdelegacao-de-competencias-DD-DCEP.pdf\" target=\"_blank\" rel=\"noopener\"><span style=\"color: #316cb5;\"><strong>\ud83d\udd17<\/strong><span style=\"text-decoration: underline;\"> I\/11006\/2025 &#8211; Subdelega\u00e7\u00e3o de Compet\u00eancias DD &#8211; DCEP<\/span><\/span><\/a><\/p><p><span style=\"color: #316cb5;\"><a style=\"color: #316cb5;\" href=\"\/wp-content\/uploads\/2025\/07\/I242472024-DESPACHO-N.o-4DEA2024-SUBDELEGACAO-DE-COMPETENCIAS-NO-CHEFE-DE-DIVISAO-DE-EXPLORACAO-DE-REDES-DE-AGUAS-ENG.-FILIPE-VARGES-ADENDA.pdf\" target=\"_blank\" rel=\"noopener\"><strong>\ud83d\udd17<\/strong><\/a> <span style=\"text-decoration: underline;\">I\/24247\/2024 &#8211; Despacho n4_2024 &#8211; Subdelega\u00e7\u00e3o de Compet\u00eancias no Chefe de Divis\u00e3o de Explora\u00e7\u00e3o de Redes de \u00c1guas &#8211; Eng\u00ba Filipe Varges<\/span><\/span><\/p><p><span style=\"color: #316cb5;\"><a style=\"color: #316cb5;\" href=\"\/wp-content\/uploads\/2025\/07\/DESPACHO-N.o-3DEA2024-SUBDELEGACAO-DE-COMPETENCIAS-NA-CHEFE-DE-DIVISAO-DE-REDES-E-MANUTENCAO-ENG.a-FLORBELA-FERREIRA-ADENDA.pdf\" target=\"_blank\" rel=\"noopener\"><strong>\ud83d\udd17<\/strong><\/a><a style=\"color: #316cb5;\" href=\"\/wp-content\/uploads\/2025\/07\/DESPACHO-N.o-3DEA2024-SUBDELEGACAO-DE-COMPETENCIAS-NA-CHEFE-DE-DIVISAO-DE-REDES-E-MANUTENCAO-ENG.a-FLORBELA-FERREIRA-ADENDA.pdf\" target=\"_blank\" rel=\"noopener\"> <span style=\"text-decoration: underline;\">I\/24244\/2024 &#8211; Subdelega\u00e7\u00e3o de Compet\u00eancias na Chefe de Divis\u00e3o de Redes e Manuten\u00e7\u00e3o &#8211; Eng\u00aa Florbela Ferreira<\/span><\/a><\/span><\/p><p><a href=\"\/wp-content\/uploads\/2025\/07\/I216522024-Subdelegacao-de-Competencias-Coordenacao-Unidade-de-Contratacao.pdf\" target=\"_blank\" rel=\"noopener\"><span style=\"color: #316cb5;\"><strong>\ud83d\udd17<\/strong><span style=\"text-decoration: underline;\"> I\/21652<\/span><\/span><span style=\"color: #316cb5;\"><span style=\"text-decoration: underline;\">\/2024 &#8211; Subdelega\u00e7\u00e3o de Compet\u00eancias &#8211; Coordena\u00e7\u00e3o Unidade de Contrata\u00e7\u00e3o<\/span><\/span><\/a><\/p><p><a href=\"\/wp-content\/uploads\/2025\/07\/I216512024-Subdelegacao-de-Competencias-Coordenacao-Unidade-Gestao-e-Contratacao-Existencias-de-Armazem.pdf\" target=\"_blank\" rel=\"noopener\"><span style=\"color: #316cb5;\"><strong>\ud83d\udd17<\/strong><span style=\"text-decoration: underline;\"> I\/21651<\/span><\/span><span style=\"color: #316cb5;\"><span style=\"text-decoration: underline;\">\/2024 &#8211; Subdelega\u00e7\u00e3o de Compet\u00eancias &#8211; Coordena\u00e7\u00e3o Unidade Gest\u00e3o e Contrata\u00e7\u00e3o Exist\u00eancias de Armaz\u00e9m<\/span><\/span><\/a><\/p><p><a href=\"\/wp-content\/uploads\/2025\/07\/I216022024-SUBDELEGACAO-DE-COMPETENCIAS-LELIA-TRAVESSA-DESPACHO-2DERA2024.pdf\" target=\"_blank\" rel=\"noopener\"><span style=\"color: #316cb5;\"><strong>\ud83d\udd17<\/strong><span style=\"text-decoration: underline;\"> I\/21602<\/span><\/span><span style=\"color: #316cb5;\"><span style=\"text-decoration: underline;\">\/2024 &#8211; Subdelega\u00e7\u00e3o de Compet\u00eancias &#8211; L\u00e9lia Travessa &#8211; Despacho 2DERA2024<\/span><\/span><\/a><\/p><p><a href=\"\/wp-content\/uploads\/2025\/07\/I215982024-SUBDELEGACAO-DE-COMPETENCIAS-ATIVIDADE-ECONOMICAS-DESPACHO-1DERA2024.pdf\" target=\"_blank\" rel=\"noopener\"><span style=\"color: #316cb5;\"><strong>\ud83d\udd17<\/strong><span style=\"text-decoration: underline;\"> I\/21598<\/span><\/span><span style=\"color: #316cb5;\"><span style=\"text-decoration: underline;\">\/2024 &#8211; Subdelega\u00e7\u00e3o de Compet\u00eancias &#8211; Atividades Econ\u00f3micas &#8211; Despacho 1DERA2024<\/span><\/span><\/a><\/p><p><a href=\"\/wp-content\/uploads\/2025\/07\/I215872024-Subdelegacao-de-competencias-CDGF.pdf\" target=\"_blank\" rel=\"noopener\"><span style=\"color: #316cb5;\"><strong>\ud83d\udd17<\/strong><span style=\"text-decoration: underline;\"> I\/21587<\/span><\/span><span style=\"color: #316cb5;\"><span style=\"text-decoration: underline;\">\/2024 &#8211; Subdelega\u00e7\u00e3o de Compet\u00eancias CDGF<\/span><\/span><\/a><\/p><p><a href=\"\/wp-content\/uploads\/2025\/07\/I215862024-Subdelegacao-de-competencias-CDAL.pdf\" target=\"_blank\" rel=\"noopener\"><span style=\"color: #316cb5;\"><strong>\ud83d\udd17<\/strong><span style=\"text-decoration: underline;\"> I\/21586<\/span><\/span><span style=\"color: #316cb5;\"><span style=\"text-decoration: underline;\">\/2024 &#8211; Subdelega\u00e7\u00e3o de Compet\u00eancias CDAL<\/span><\/span><\/a><\/p><p><a href=\"\/wp-content\/uploads\/2025\/07\/I215852024-Subdelegacao-de-competencias-CDRU.pdf\" target=\"_blank\" rel=\"noopener\"><span style=\"color: #316cb5;\"><strong>\ud83d\udd17<\/strong><span style=\"text-decoration: underline;\"> I\/21585<\/span><\/span><span style=\"color: #316cb5;\"><span style=\"text-decoration: underline;\">\/2024 &#8211; Subdelega\u00e7\u00e3o de Compet\u00eancias CDRU<\/span><\/span><\/a><\/p><p><a href=\"\/wp-content\/uploads\/2025\/07\/I215782024-Subdelegacao-de-Competencias-Seccao-de-Leituras.pdf\" target=\"_blank\" rel=\"noopener\"><span style=\"color: #316cb5;\"><strong>\ud83d\udd17<\/strong><span style=\"text-decoration: underline;\"> I\/21578<\/span><\/span><span style=\"color: #316cb5;\"><span style=\"text-decoration: underline;\">\/2024 &#8211; Subdelega\u00e7\u00e3o de Compet\u00eancias &#8211;\u00a0 Sec\u00e7\u00e3o de Leituras<\/span><\/span><\/a><\/p><p><a href=\"https:\/\/www.simar-louresodivelas.pt\/wp-content\/uploads\/2025\/07\/I215742024-SUBDELEGACAO-DE-COMPETENCIAS-\u2013-SECCAO-DE-CORTES-E-GESTAO-DE-DIVIDA.pdf\" target=\"_blank\" rel=\"noopener\"><span style=\"color: #316cb5;\"><strong>\ud83d\udd17<\/strong><span style=\"text-decoration: underline;\"> I\/21574<\/span><\/span><span style=\"color: #316cb5;\"><span style=\"text-decoration: underline;\">\/2024 &#8211; Subdelega\u00e7\u00e3o de Compet\u00eancias &#8211;\u00a0 Sec\u00e7\u00e3o de Cortes e Gest\u00e3o de D\u00edvida<\/span><\/span><\/a><\/p><p><a href=\"\/wp-content\/uploads\/2025\/07\/I215702024-SUBDELEGACAO-DE-COMPETENCIAS-\u2013-SETOR-DE-FATURACAO.pdf\" target=\"_blank\" rel=\"noopener\"><span style=\"color: #316cb5;\"><strong>\ud83d\udd17<\/strong><span style=\"text-decoration: underline;\"> I\/21570<\/span><\/span><span style=\"color: #316cb5;\"><span style=\"text-decoration: underline;\">\/2024 &#8211; Subdelega\u00e7\u00e3o de Compet\u00eancias &#8211;\u00a0 Setor de Fatura\u00e7\u00e3o<\/span><\/span><\/a><\/p><p><a href=\"\/wp-content\/uploads\/2025\/07\/I215602024-Subdelegacao-de-Competencias-S.-Contratos.pdf\" target=\"_blank\" rel=\"noopener\"><span style=\"color: #316cb5;\"><strong>\ud83d\udd17<\/strong><span style=\"text-decoration: underline;\"> I\/21560<\/span><\/span><span style=\"color: #316cb5;\"><span style=\"text-decoration: underline;\">\/2024 &#8211; Subdelega\u00e7\u00e3o de Compet\u00eancias &#8211; Coordena\u00e7\u00e3o S. Contratos<\/span><\/span><\/a><\/p><p><a href=\"\/wp-content\/uploads\/2025\/07\/I215582024-Subdelegacao-de-Competencias-Coordenacao-S.-Reclamacoes.pdf\" target=\"_blank\" rel=\"noopener\"><span style=\"color: #316cb5;\"><strong>\ud83d\udd17<\/strong><span style=\"text-decoration: underline;\"> I\/21558<\/span><\/span><span style=\"color: #316cb5;\"><span style=\"text-decoration: underline;\">\/2024 &#8211; Subdelega\u00e7\u00e3o de Compet\u00eancias &#8211; S. Reclama\u00e7\u00f5es<\/span><\/span><\/a><\/p><p><a href=\"\/wp-content\/uploads\/2025\/07\/I215562024-Subdelegacao-de-Competencias-Coordenacao-do-Balcao-de-Atendimento-de-Loures-e-das-Linhas-de-Atendimento-dos-SIMAR.pdf\" target=\"_blank\" rel=\"noopener\"><span style=\"color: #316cb5;\"><strong>\ud83d\udd17<\/strong><span style=\"text-decoration: underline;\"> I\/21556<\/span><\/span><span style=\"color: #316cb5;\"><span style=\"text-decoration: underline;\">\/2024 &#8211; Subdelega\u00e7\u00e3o de Compet\u00eancias &#8211; Coordena\u00e7\u00e3o do Balc\u00e3o de Atendimento de Loures e das Linhas de Atendimento dos SIMAR<\/span><\/span><\/a><\/p><p><a href=\"\/wp-content\/uploads\/2025\/07\/I215512024-Subdelegacao-de-Competencias-Coordenacao-do-Balcao-de-Atendimento-de-Odivelas-Balcao-de-Atendimento-de-Moscavide-e-Balcao-Digital.pdf\" target=\"_blank\" rel=\"noopener\"><span style=\"color: #316cb5;\"><strong>\ud83d\udd17<\/strong><span style=\"text-decoration: underline;\"> I\/215<\/span><\/span><span style=\"color: #316cb5;\"><span style=\"text-decoration: underline;\">51<\/span><\/span><span style=\"color: #316cb5;\"><span style=\"text-decoration: underline;\">\/2024 &#8211; Subdelega\u00e7\u00e3o de Compet\u00eancias &#8211; Coordena\u00e7\u00e3o do Balc\u00e3o de Atendimento de Odivelas, Balc\u00e3o de Atendimento de Moscavide e Balc\u00e3o Digital<\/span><\/span><\/a><\/p><p><a href=\"\/wp-content\/uploads\/2025\/07\/I215432024-Subdelegacao-de-Competencias-Chefe-de-Divisao-Financeira.pdf\" target=\"_blank\" rel=\"noopener\"><span style=\"color: #316cb5;\"><strong>\ud83d\udd17<\/strong><span style=\"text-decoration: underline;\"> I\/215<\/span><\/span><span style=\"color: #316cb5;\"><span style=\"text-decoration: underline;\">43<\/span><\/span><span style=\"color: #316cb5;\"><span style=\"text-decoration: underline;\">\/2024 &#8211; Subdelega\u00e7\u00e3o de Compet\u00eancias &#8211; Chefe de Divis\u00e3o Financeira<\/span><\/span><\/a><\/p><p><a href=\"\/wp-content\/uploads\/2025\/07\/I215422024-Subdelegacao-de-Competencias-Chefe-de-Divisao-Administrativa-e-Documental.pdf\" target=\"_blank\" rel=\"noopener\"><span style=\"color: #316cb5;\"><strong>\ud83d\udd17<\/strong><span style=\"text-decoration: underline;\"> I\/215<\/span><\/span><span style=\"color: #316cb5;\"><span style=\"text-decoration: underline;\">42<\/span><\/span><span style=\"color: #316cb5;\"><span style=\"text-decoration: underline;\">\/2024 &#8211; Subdelega\u00e7\u00e3o de Compet\u00eancias &#8211; Chefe de Divis\u00e3o Administrativa e Documental<\/span><\/span><\/a><\/p><p><a href=\"\/wp-content\/uploads\/2025\/07\/I215402024-Subdelegacao-de-Competencias-Chefe-de-Divisao-de-Recursos-Humanos.pdf\" target=\"_blank\" rel=\"noopener\"><span style=\"color: #316cb5;\"><strong>\ud83d\udd17<\/strong><span style=\"text-decoration: underline;\"> I\/215<\/span><\/span><span style=\"color: #316cb5;\"><span style=\"text-decoration: underline;\">40<\/span><\/span><span style=\"color: #316cb5;\"><span style=\"text-decoration: underline;\">\/2024 &#8211; Subdelega\u00e7\u00e3o de Compet\u00eancias &#8211; Chefe de Divis\u00e3o de Recursos Humanos<\/span><\/span><\/a><\/p><p><a href=\"\/wp-content\/uploads\/2025\/07\/I215392024-Subdelegacao-de-Competencias-DFCC.pdf\" target=\"_blank\" rel=\"noopener\"><span style=\"color: #316cb5;\"><strong>\ud83d\udd17<\/strong><span style=\"text-decoration: underline;\"> I\/21539\/2024 &#8211; Subdelega\u00e7\u00e3o de Compet\u00eancias &#8211; DFCC<\/span><\/span><\/a><\/p><p><a href=\"\/wp-content\/uploads\/2025\/07\/I215382024-Subdelegacao-de-Competencias-DAGC.pdf\" target=\"_blank\" rel=\"noopener\"><span style=\"color: #316cb5;\"><strong>\ud83d\udd17<\/strong><span style=\"text-decoration: underline;\"> I\/21538\/2024 &#8211; Subdelega\u00e7\u00e3o de Compet\u00eancias &#8211; DAGC<\/span><\/span><\/a><\/p><p><a href=\"\/wp-content\/uploads\/2025\/07\/I215372024-Subdelegacao-de-Competencias-Chefe-de-Divisao-de-Aprovisionamento.pdf\"><span style=\"color: #316cb5;\"><strong>\ud83d\udd17<\/strong><span style=\"text-decoration: underline;\"> I\/21537\/2024 &#8211; Subdelega\u00e7\u00e3o de Compet\u00eancias &#8211; Chefe de Divis\u00e3o de Aprovisionamento<\/span><\/span><\/a><\/p><p><a href=\"\/wp-content\/uploads\/2025\/07\/I215182024-Subdelegacao-de-competencias-da-Sra-DD-CDLQ.pdf\" target=\"_blank\" rel=\"noopener\"><span style=\"color: #316cb5;\"><strong>\ud83d\udd17<\/strong><span style=\"text-decoration: underline;\"> I\/21518\/2024 &#8211; Subdelega\u00e7\u00e3o de Compet\u00eancias da Sr\u00aa\u00a0 DD &#8211; CDLQ<\/span><\/span><\/a><\/p><p><a href=\"\/wp-content\/uploads\/2025\/07\/I215162024-Subdelegacao-de-competencias-da-Sra-DD-CDGJ.pdf\" target=\"_blank\" rel=\"noopener\"><span style=\"color: #316cb5;\"><strong>\ud83d\udd17<\/strong><span style=\"text-decoration: underline;\"> I\/21516\/2024 &#8211; Subdelega\u00e7\u00e3o de Compet\u00eancias da Sr\u00aa\u00a0 DD &#8211; CDGJ<\/span><\/span><\/a><\/p><p><a href=\"\/wp-content\/uploads\/2025\/07\/I215132024-Subdelegacao-de-competencias-da-Sra-DD-CDGTIC.pdf\" target=\"_blank\" rel=\"noopener\"><span style=\"color: #316cb5;\"><strong>\ud83d\udd17<\/strong><span style=\"text-decoration: underline;\"> I\/21513\/2024 &#8211; Subdelega\u00e7\u00e3o de Compet\u00eancias da Sr\u00aa\u00a0 DD &#8211; CDGTIC<\/span><\/span><\/a><\/p><p><a href=\"\/wp-content\/uploads\/2025\/07\/I215122024-Subdelegacao-de-competencias-da-Sra-DD-CDGIC.pdf\" target=\"_blank\" rel=\"noopener\"><span style=\"color: #316cb5;\"><strong>\ud83d\udd17<\/strong><span style=\"text-decoration: underline;\"> I\/21512\/2024 &#8211; Subdelega\u00e7\u00e3o de Compet\u00eancias da Sr\u00aa\u00a0 DD &#8211; CDGIC<\/span><\/span><\/a><\/p><p><a href=\"\/wp-content\/uploads\/2025\/07\/I215112024-Subdelegacao-de-competencias-da-Sra-DD-CDGACCG.pdf\" target=\"_blank\" rel=\"noopener\"><span style=\"color: #316cb5;\"><strong>\ud83d\udd17<\/strong><span style=\"text-decoration: underline;\"> I\/21511\/2024 &#8211; Subdelega\u00e7\u00e3o de Compet\u00eancias da Sr\u00aa\u00a0 DD &#8211; CDGACCG<\/span><\/span><\/a><\/p><p><a href=\"\/wp-content\/uploads\/2025\/07\/I215102024-Subdelegacao-de-competencias-da-Sra-DD-DDC.pdf\" target=\"_blank\" rel=\"noopener\"><span style=\"color: #316cb5;\"><strong>\ud83d\udd17<\/strong><span style=\"text-decoration: underline;\"> I\/21510\/2024 &#8211; Subdelega\u00e7\u00e3o de Compet\u00eancias da Sr\u00aa\u00a0 DD &#8211; DDC<\/span><\/span><\/a><\/p><p><a href=\"\/wp-content\/uploads\/2025\/07\/I215092024-Subdelegacao-de-competencias-da-Sra-DD-DDEA.pdf\" target=\"_blank\" rel=\"noopener\"><span style=\"color: #316cb5;\"><strong>\ud83d\udd17<\/strong><span style=\"text-decoration: underline;\"> I\/21509\/2024 &#8211; Subdelega\u00e7\u00e3o de Compet\u00eancias da Sr\u00aa\u00a0 DD &#8211; DDEA<\/span><\/span><\/a><\/p><p><a href=\"\/wp-content\/uploads\/2025\/07\/I215082024-Subdelegacao-de-competencias-da-Sra-DD-DDAF.pdf\" target=\"_blank\" rel=\"noopener\"><span style=\"color: #316cb5;\"><strong>\ud83d\udd17<\/strong><span style=\"text-decoration: underline;\"> I\/21508\/2024 &#8211; Subdelega\u00e7\u00e3o de Compet\u00eancias da Sr\u00aa\u00a0 DD &#8211; DDAF<\/span><\/span><\/a><\/p><p><a href=\"\/wp-content\/uploads\/2025\/07\/I215062024-Subdelegacao-de-competencias-da-Sra-DD-DDRAL.pdf\" target=\"_blank\" rel=\"noopener\"><span style=\"color: #316cb5;\"><strong>\ud83d\udd17<\/strong><span style=\"text-decoration: underline;\"> I\/21506\/2024 &#8211; Subdelega\u00e7\u00e3o de Compet\u00eancias da Sr\u00aa\u00a0 DD &#8211; DRAL<\/span><\/span><\/a><\/p><p><a href=\"https:\/\/www.simar-louresodivelas.pt\/wp-content\/uploads\/2025\/07\/I213432024-Subdelegacao-de-competencias-da-Sra-Vogal-Coralia-Rodrigues-na-Sra-DD-Dra-Filipa-Penedos.pdf\" target=\"_blank\" rel=\"noopener\"><span style=\"color: #316cb5;\"><strong>\ud83d\udd17<\/strong><span style=\"text-decoration: underline;\"> I\/21343\/2024 &#8211; Subdelega\u00e7\u00e3o de Compet\u00eancias da Sr\u00aa Vogal Cor\u00e1lia Rodrigues\u00a0 na Sr\u00aa DD, Dr\u00aa Filipa Penedos<\/span><\/span><\/a><\/p><p><a href=\"\/wp-content\/uploads\/2025\/07\/I213422024-Subdelegacao-de-competencias-da-Sra-Vogal-Susana-Oliveira-na-Sra-DD-Dra-Filipa-Penedos.pdf\" target=\"_blank\" rel=\"noopener\"><span style=\"color: #316cb5;\"><strong>\ud83d\udd17<\/strong><span style=\"text-decoration: underline;\"> I\/21342\/2024 &#8211; Subdelega\u00e7\u00e3o de Compet\u00eancias da Sr\u00aa Vogal Susana Oliveira\u00a0 na Sr\u00aa DD, Dr\u00aa Filipa Penedos<\/span><\/span><\/a><\/p><p><a href=\"\/wp-content\/uploads\/2025\/07\/I213412024-Subdelegacao-de-competencias-do-Sr.-PCA-na-Sra-DD-Dra-Filipa-Penedos.pdf\" target=\"_blank\" rel=\"noopener\"><span style=\"color: #316cb5;\"><strong>\ud83d\udd17<\/strong><span style=\"text-decoration: underline;\"> I\/21341\/2024 &#8211; Subdelega\u00e7\u00e3o de Compet\u00eancias do Sr. PCA na Sr\u00aa DD, Dr\u00aa Filipa Penedos<\/span><\/span><\/a><\/p><p><a href=\"\/wp-content\/uploads\/2025\/07\/I212262024-Delegacao-de-Competencias-da-Vogal-Coralia-Rodrigues.pdf\" target=\"_blank\" rel=\"noopener\"><span style=\"color: #316cb5;\"><strong>\ud83d\udd17<\/strong><span style=\"text-decoration: underline;\"> I\/21226\/2024 &#8211; Delega\u00e7\u00e3o de Compet\u00eancias Vogal Cor\u00e1lia Rodrigues<\/span><\/span><\/a><\/p><p><a href=\"\/wp-content\/uploads\/2025\/07\/I212252024-Delegacao-de-competencias-Vogal-Susana-Oliveira.pdf\" target=\"_blank\" rel=\"noopener\"><span style=\"color: #316cb5;\"><strong>\ud83d\udd17<\/strong><span style=\"text-decoration: underline;\"> I\/21225\/2024 &#8211; Delega\u00e7\u00e3o de Compet\u00eancias Vogal Susana Oliveira<\/span><\/span><\/a><\/p><p><a href=\"\/wp-content\/uploads\/2025\/07\/I212242024-Delegacao-de-competencia-PCA.pdf\" target=\"_blank\" rel=\"noopener\"><span style=\"color: #316cb5;\"><strong>\ud83d\udd17<\/strong><span style=\"text-decoration: underline;\"> I\/21224\/2024 &#8211; Delega\u00e7\u00e3o de Compet\u00eancias PCA<\/span><\/span><\/a><\/p><p><a href=\"\/wp-content\/uploads\/2025\/07\/I211972024-Distribuicao-de-funcoes-Unidades-Organicas.pdf\" target=\"_blank\" rel=\"noopener\"><span style=\"color: #316cb5;\"><strong>\ud83d\udd17<\/strong><span style=\"text-decoration: underline;\"> I\/21197\/2024 &#8211; Distribui\u00e7\u00e3o de Fun\u00e7\u00f5es Unidades Org\u00e2nicas<\/span><\/span><\/a><\/p><p><a href=\"\/wp-content\/uploads\/2025\/07\/I-21183-de-2024-Proposta-de-Deliberacao-do-CA-Composicao.pdf\" target=\"_blank\" rel=\"noopener\"><span style=\"color: #316cb5;\"><strong>\ud83d\udd17<\/strong><span style=\"text-decoration: underline;\"> I\/21183\/2024 &#8211; Proposta de Delibera\u00e7\u00e3o do CA &#8211; Composi\u00e7\u00e3o<\/span><\/span><\/a><\/p><p><a href=\"\/wp-content\/uploads\/2025\/07\/E-43902-2024-Nomeacao-para-o-Conselho-de-Administracao-dos-SIMAR-CML.pdf\" target=\"_blank\" rel=\"noopener\"><span style=\"color: #316cb5;\"><strong>\ud83d\udd17<\/strong><span style=\"text-decoration: underline;\"> E\/43902\/2024 &#8211; Nomea\u00e7\u00e3o para o Conselho de Administra\u00e7\u00e3o dos SIMAR &#8211; CML<\/span><\/span><\/a><\/p><p><strong><a href=\"\/wp-content\/uploads\/2025\/07\/13101-Proposta-07_Proposta-de-nomeacao-para-o-Conselho-de-Administracao-dos-SIMAR.pdf\" target=\"_blank\" rel=\"noopener\">\ud83d\udd17 <\/a><\/strong><a href=\"\/wp-content\/uploads\/2025\/07\/13101-Proposta-07_Proposta-de-nomeacao-para-o-Conselho-de-Administracao-dos-SIMAR.pdf\" target=\"_blank\" rel=\"noopener\"><span style=\"text-decoration: underline;\"><span style=\"color: #316cb5; text-decoration: underline;\">24\/10<\/span><span style=\"color: #316cb5; text-decoration: underline;\">\/2024 &#8211; <\/span><\/span><\/a><a href=\"\/wp-content\/uploads\/2025\/07\/13101-Proposta-07_Proposta-de-nomeacao-para-o-Conselho-de-Administracao-dos-SIMAR.pdf\" target=\"_blank\" rel=\"noopener\"><span style=\"text-decoration: underline;\"><span style=\"color: #316cb5; text-decoration: underline;\">Proposta de Nomea\u00e7\u00e3o do Conselho de Administra\u00e7\u00e3o dos SIMAR<\/span><\/span><\/a><\/p>\t\t\t\t\t\t\t\t<\/div>\n\t\t\t\t<\/div>\n\t\t\t\t\t<\/div>\n\t\t<\/div>\n\t\t\t\t\t<\/div>\n\t\t<\/section>\n\t\t\t\t<\/div>\n\t\t","protected":false},"excerpt":{"rendered":"<p>\ud83d\udd17 I\/11007\/2025 &#8211; Subdelega\u00e7\u00e3o de Compet\u00eancias DD &#8211; DFISC \ud83d\udd17 I\/11006\/2025 &#8211; Subdelega\u00e7\u00e3o de Compet\u00eancias DD &#8211; DCEP \ud83d\udd17 I\/24247\/2024 &#8211; Despacho n4_2024 &#8211; Subdelega\u00e7\u00e3o de Compet\u00eancias no Chefe de Divis\u00e3o de Explora\u00e7\u00e3o de Redes de \u00c1guas &#8211; Eng\u00ba Filipe Varges \ud83d\udd17 I\/24244\/2024 &#8211; Subdelega\u00e7\u00e3o de Compet\u00eancias na Chefe de Divis\u00e3o de Redes e Manuten\u00e7\u00e3o [&hellip;]<\/p>\n","protected":false},"author":1,"featured_media":0,"parent":0,"menu_order":0,"comment_status":"closed","ping_status":"closed","template":"","meta":{"_monsterinsights_skip_tracking":false,"_monsterinsights_sitenote_active":false,"_monsterinsights_sitenote_note":"","_monsterinsights_sitenote_category":0,"_uf_show_specific_survey":0,"_uf_disable_surveys":false,"footnotes":""},"class_list":["post-32141","page","type-page","status-publish","hentry"],"aioseo_notices":[],"_links":{"self":[{"href":"https:\/\/www.simar-louresodivelas.pt\/index.php\/wp-json\/wp\/v2\/pages\/32141","targetHints":{"allow":["GET"]}}],"collection":[{"href":"https:\/\/www.simar-louresodivelas.pt\/index.php\/wp-json\/wp\/v2\/pages"}],"about":[{"href":"https:\/\/www.simar-louresodivelas.pt\/index.php\/wp-json\/wp\/v2\/types\/page"}],"author":[{"embeddable":true,"href":"https:\/\/www.simar-louresodivelas.pt\/index.php\/wp-json\/wp\/v2\/users\/1"}],"replies":[{"embeddable":true,"href":"https:\/\/www.simar-louresodivelas.pt\/index.php\/wp-json\/wp\/v2\/comments?post=32141"}],"version-history":[{"count":133,"href":"https:\/\/www.simar-louresodivelas.pt\/index.php\/wp-json\/wp\/v2\/pages\/32141\/revisions"}],"predecessor-version":[{"id":32337,"href":"https:\/\/www.simar-louresodivelas.pt\/index.php\/wp-json\/wp\/v2\/pages\/32141\/revisions\/32337"}],"wp:attachment":[{"href":"https:\/\/www.simar-louresodivelas.pt\/index.php\/wp-json\/wp\/v2\/media?parent=32141"}],"curies":[{"name":"wp","href":"https:\/\/api.w.org\/{rel}","templated":true}]}}