{"id":296,"date":"2023-05-10T14:48:36","date_gmt":"2023-05-10T14:48:36","guid":{"rendered":"http:\/\/websimar01\/simar\/?page_id=296"},"modified":"2025-01-06T12:15:32","modified_gmt":"2025-01-06T12:15:32","slug":"denunciar-contrato","status":"publish","type":"page","link":"https:\/\/www.simar-louresodivelas.pt\/index.php\/denunciar-contrato","title":{"rendered":"Denunciar Contrato"},"content":{"rendered":"\t\t<div data-elementor-type=\"wp-page\" data-elementor-id=\"296\" class=\"elementor elementor-296\">\n\t\t\t\t\t\t<section class=\"elementor-section elementor-top-section elementor-element elementor-element-a8744dd elementor-section-full_width elementor-section-stretched elementor-section-height-default elementor-section-height-default\" data-id=\"a8744dd\" data-element_type=\"section\" data-settings=\"{&quot;stretch_section&quot;:&quot;section-stretched&quot;,&quot;background_background&quot;:&quot;classic&quot;}\">\n\t\t\t\t\t\t<div class=\"elementor-container elementor-column-gap-default\">\n\t\t\t\t\t<div class=\"aux-parallax-section elementor-column elementor-col-100 elementor-top-column elementor-element elementor-element-8e47a38\" data-id=\"8e47a38\" data-element_type=\"column\">\n\t\t\t<div class=\"elementor-widget-wrap elementor-element-populated\">\n\t\t\t\t\t\t<div class=\"elementor-element elementor-element-95830b6 elementor-widget elementor-widget-image\" data-id=\"95830b6\" data-element_type=\"widget\" data-widget_type=\"image.default\">\n\t\t\t\t<div class=\"elementor-widget-container\">\n\t\t\t\t\t\t\t\t\t\t\t\t\t\t\t<img decoding=\"async\" src=\"https:\/\/www.simar-louresodivelas.pt\/wp-content\/uploads\/2023\/09\/denunciar-contrato.jpg\" title=\"denunciar contrato\" alt=\"denunciar contrato\" loading=\"lazy\" \/>\t\t\t\t\t\t\t\t\t\t\t\t\t\t\t<\/div>\n\t\t\t\t<\/div>\n\t\t\t\t\t<\/div>\n\t\t<\/div>\n\t\t\t\t\t<\/div>\n\t\t<\/section>\n\t\t\t\t<section class=\"elementor-section elementor-top-section elementor-element elementor-element-b897d04 elementor-section-boxed elementor-section-height-default elementor-section-height-default\" data-id=\"b897d04\" data-element_type=\"section\">\n\t\t\t\t\t\t<div class=\"elementor-container elementor-column-gap-default\">\n\t\t\t\t\t<div class=\"aux-parallax-section elementor-column elementor-col-100 elementor-top-column elementor-element elementor-element-03fad43\" data-id=\"03fad43\" data-element_type=\"column\">\n\t\t\t<div class=\"elementor-widget-wrap elementor-element-populated\">\n\t\t\t\t\t\t<div class=\"elementor-element elementor-element-9703e65 elementor-widget-divider--view-line_icon elementor-view-default elementor-widget-divider--element-align-center elementor-widget elementor-widget-divider\" data-id=\"9703e65\" data-element_type=\"widget\" data-widget_type=\"divider.default\">\n\t\t\t\t<div class=\"elementor-widget-container\">\n\t\t\t\t\t\t\t<div class=\"elementor-divider\">\n\t\t\t<span class=\"elementor-divider-separator\">\n\t\t\t\t\t\t\t<div class=\"elementor-icon elementor-divider__element\">\n\t\t\t\t\t<i aria-hidden=\"true\" class=\"fas fa-file-contract\"><\/i><\/div>\n\t\t\t\t\t\t<\/span>\n\t\t<\/div>\n\t\t\t\t\t\t<\/div>\n\t\t\t\t<\/div>\n\t\t\t\t\t<\/div>\n\t\t<\/div>\n\t\t\t\t\t<\/div>\n\t\t<\/section>\n\t\t\t\t<section class=\"elementor-section elementor-top-section elementor-element elementor-element-ae52bc9 elementor-section-boxed elementor-section-height-default elementor-section-height-default\" data-id=\"ae52bc9\" data-element_type=\"section\">\n\t\t\t\t\t\t<div class=\"elementor-container elementor-column-gap-default\">\n\t\t\t\t\t<div class=\"aux-parallax-section elementor-column elementor-col-100 elementor-top-column elementor-element elementor-element-6ca100d\" data-id=\"6ca100d\" data-element_type=\"column\" data-settings=\"{&quot;background_background&quot;:&quot;classic&quot;}\">\n\t\t\t<div class=\"elementor-widget-wrap elementor-element-populated\">\n\t\t\t\t\t\t<div class=\"elementor-element elementor-element-e4e2f24 elementor-widget elementor-widget-text-editor\" data-id=\"e4e2f24\" data-element_type=\"widget\" data-widget_type=\"text-editor.default\">\n\t\t\t\t<div class=\"elementor-widget-container\">\n\t\t\t\t\t\t\t\t\t<p><strong>COMO EFETUAR O PEDIDO:<\/strong><\/p>\n<p><!-- \/wp:paragraph --><!-- wp:paragraph --><\/p>\n<p><b>Por e-mail:<br \/><\/b>&#8211; envie email para <span style=\"text-decoration: underline;\"><strong><span style=\"color: #316cb5; text-decoration: underline;\"><a style=\"color: #316cb5; text-decoration: underline;\" href=\"mailto:geral@simar-louresodivelas.pt\"><span style=\"color: #316cb5; text-decoration: underline;\">geral@simar-louresodivelas.p<\/span>t<\/a><\/span><\/strong><\/span>\u00a0a solicitar a den\u00fancia do contrato. Indicar o n\u00famero de cliente ou NIF, a leitura do contador, contacto telef\u00f3nico e morada para envio de \u00faltima fatura.<\/p>\n<p><strong>OU<\/strong><\/p>\n<p><!-- \/wp:paragraph --><!-- wp:paragraph --><\/p>\n<p><!-- \/wp:paragraph --><!-- wp:paragraph --><\/p>\n<p><!-- \/wp:paragraph --><!-- wp:paragraph --><\/p>\n<p><b>Presencialmente:<br \/><\/b>&#8211; dirigindo-se a um dos<span style=\"text-decoration: underline;\"><strong><span style=\"color: #316cb5; text-decoration: underline;\"> <a style=\"color: #316cb5; text-decoration: underline;\" href=\"\/index.php\/locais-e-horarios-de-atendimento\/\" data-wplink-url-error=\"true\">Locais de <span style=\"color: #316cb5;\">Atendimento<\/span><\/a> <\/span><\/strong><\/span>dos SIMAR.<\/p>\n<p style=\"padding-left: 40px;\"><br \/><strong><img decoding=\"async\" class=\"emoji\" role=\"img\" draggable=\"false\" src=\"https:\/\/s.w.org\/images\/core\/emoji\/15.0.3\/svg\/1f517.svg\" alt=\"\ud83d\udd17\" \/><\/strong><span style=\"text-decoration: underline; color: #316cb5;\"><a style=\"color: #316cb5;\" href=\"https:\/\/www.simar-louresodivelas.pt\/wp-content\/uploads\/2023\/11\/mod_7.pdf\" target=\"_blank\" rel=\"noopener\"><span style=\"text-decoration: underline;\"><strong>Minuta de Autoriza\u00e7\u00e3o de Assinatura\/Rescis\u00e3o de Contrato por Terceiros<\/strong><\/span><\/a><\/span><\/p>\n<p><!-- \/wp:paragraph --><!-- wp:paragraph --><\/p>\t\t\t\t\t\t\t\t<\/div>\n\t\t\t\t<\/div>\n\t\t\t\t\t<\/div>\n\t\t<\/div>\n\t\t\t\t\t<\/div>\n\t\t<\/section>\n\t\t\t\t<\/div>\n\t\t","protected":false},"excerpt":{"rendered":"<p>COMO EFETUAR O PEDIDO: Por e-mail:&#8211; envie email para geral@simar-louresodivelas.pt\u00a0a solicitar a den\u00fancia do contrato. Indicar o n\u00famero de cliente ou NIF, a leitura do contador, contacto telef\u00f3nico e morada para envio de \u00faltima fatura. OU Presencialmente:&#8211; dirigindo-se a um dos Locais de Atendimento dos SIMAR. Minuta de Autoriza\u00e7\u00e3o de Assinatura\/Rescis\u00e3o de Contrato por Terceiros<\/p>\n","protected":false},"author":1,"featured_media":0,"parent":0,"menu_order":0,"comment_status":"closed","ping_status":"closed","template":"","meta":{"_monsterinsights_skip_tracking":false,"_monsterinsights_sitenote_active":false,"_monsterinsights_sitenote_note":"","_monsterinsights_sitenote_category":0,"_uf_show_specific_survey":0,"_uf_disable_surveys":false,"footnotes":""},"class_list":["post-296","page","type-page","status-publish","hentry"],"aioseo_notices":[],"_links":{"self":[{"href":"https:\/\/www.simar-louresodivelas.pt\/index.php\/wp-json\/wp\/v2\/pages\/296","targetHints":{"allow":["GET"]}}],"collection":[{"href":"https:\/\/www.simar-louresodivelas.pt\/index.php\/wp-json\/wp\/v2\/pages"}],"about":[{"href":"https:\/\/www.simar-louresodivelas.pt\/index.php\/wp-json\/wp\/v2\/types\/page"}],"author":[{"embeddable":true,"href":"https:\/\/www.simar-louresodivelas.pt\/index.php\/wp-json\/wp\/v2\/users\/1"}],"replies":[{"embeddable":true,"href":"https:\/\/www.simar-louresodivelas.pt\/index.php\/wp-json\/wp\/v2\/comments?post=296"}],"version-history":[{"count":63,"href":"https:\/\/www.simar-louresodivelas.pt\/index.php\/wp-json\/wp\/v2\/pages\/296\/revisions"}],"predecessor-version":[{"id":25708,"href":"https:\/\/www.simar-louresodivelas.pt\/index.php\/wp-json\/wp\/v2\/pages\/296\/revisions\/25708"}],"wp:attachment":[{"href":"https:\/\/www.simar-louresodivelas.pt\/index.php\/wp-json\/wp\/v2\/media?parent=296"}],"curies":[{"name":"wp","href":"https:\/\/api.w.org\/{rel}","templated":true}]}}