{"id":1742,"date":"2023-05-23T09:47:04","date_gmt":"2023-05-23T09:47:04","guid":{"rendered":"http:\/\/websimar01\/simar\/?page_id=1742"},"modified":"2023-06-26T17:08:50","modified_gmt":"2023-06-26T17:08:50","slug":"resultados-analiticos","status":"publish","type":"page","link":"https:\/\/www.simar-louresodivelas.pt\/index.php\/resultados-analiticos","title":{"rendered":"Resultados Anal\u00edticos"},"content":{"rendered":"\t\t<div data-elementor-type=\"wp-page\" data-elementor-id=\"1742\" class=\"elementor elementor-1742\">\n\t\t\t\t\t\t<section class=\"elementor-section elementor-top-section elementor-element elementor-element-28856e1 elementor-section-full_width elementor-section-stretched elementor-section-height-default elementor-section-height-default\" data-id=\"28856e1\" data-element_type=\"section\" data-settings=\"{&quot;stretch_section&quot;:&quot;section-stretched&quot;,&quot;background_background&quot;:&quot;classic&quot;}\">\n\t\t\t\t\t\t<div class=\"elementor-container elementor-column-gap-default\">\n\t\t\t\t\t<div class=\"aux-parallax-section elementor-column elementor-col-100 elementor-top-column elementor-element elementor-element-3010eb2\" data-id=\"3010eb2\" data-element_type=\"column\">\n\t\t\t<div class=\"elementor-widget-wrap elementor-element-populated\">\n\t\t\t\t\t\t<div class=\"elementor-element elementor-element-f6b340c elementor-widget elementor-widget-heading\" data-id=\"f6b340c\" data-element_type=\"widget\" data-widget_type=\"heading.default\">\n\t\t\t\t<div class=\"elementor-widget-container\">\n\t\t\t\t\t<h2 class=\"elementor-heading-title elementor-size-default\">RESULTADOS ANAL\u00cdTICOS<\/h2>\t\t\t\t<\/div>\n\t\t\t\t<\/div>\n\t\t\t\t\t<\/div>\n\t\t<\/div>\n\t\t\t\t\t<\/div>\n\t\t<\/section>\n\t\t\t\t<section class=\"elementor-section elementor-top-section elementor-element elementor-element-55be10e5 elementor-section-boxed elementor-section-height-default elementor-section-height-default\" data-id=\"55be10e5\" data-element_type=\"section\">\n\t\t\t\t\t\t<div class=\"elementor-container elementor-column-gap-default\">\n\t\t\t\t\t<div class=\"aux-parallax-section elementor-column elementor-col-100 elementor-top-column elementor-element elementor-element-48cf0786\" data-id=\"48cf0786\" data-element_type=\"column\">\n\t\t\t<div class=\"elementor-widget-wrap elementor-element-populated\">\n\t\t\t\t\t\t<div class=\"elementor-element elementor-element-6a0dd5d8 elementor-widget elementor-widget-text-editor\" data-id=\"6a0dd5d8\" data-element_type=\"widget\" data-widget_type=\"text-editor.default\">\n\t\t\t\t<div class=\"elementor-widget-container\">\n\t\t\t\t\t\t\t\t\t\n<p>A qualidade da \u00e1gua fornecida aos nossos Clientes \u00e9 uma preocupa\u00e7\u00e3o constante dos SIMAR Loures|Odivelas. Neste sentido, temos vindo a apostar na garantia da desinfe\u00e7\u00e3o da \u00e1gua, realizando ao longo de todo o processo, milhares de an\u00e1lises de forma a monitorizar a Qualidade da \u00c1gua que bebe.<\/p>\n\n\n\n<p>Os Servi\u00e7os Intermunicipalizados de Loures e Odivelas fazem di\u00e1riamente a recolha de v\u00e1rias amostras de \u00e1gua para posterior an\u00e1lise no Laborat\u00f3rio de \u00c1guas. Estas s\u00e3o recolhidas em mais de 1000 pontos de amostragem distribuidos pelas diversas freguesias dos Concelhos que servimos.<\/p>\n\n\n\n<p>Consulte&nbsp;<a href=\"http:\/\/websimar01\/simar\/?page_id=1745\">aqui&nbsp;<\/a>os \u00faltimos relat\u00f3rios dispon\u00edveis do&nbsp;<a href=\"http:\/\/websimar01\/simar\/?page_id=1745\">Programa de Controlo de Qualidade de \u00c1gua<\/a>&nbsp;(Rede Predial).<\/p>\n\n\n\n<p>Consulte tamb\u00e9m os resultados de trimestres anteriores no nosso&nbsp;<a href=\"https:\/\/www.simar-louresodivelas.pt\/agua_con_res_pag\/laboratorio_result_analiticos_aquivo.aspx\">ARQUIVO DE RELAT\u00d3RIOS<\/a>.<\/p>\n\n\n\n<p><strong>(Apenas resultados totais referentes \u00e0s \u00e0reas dos Concelhos de Loures e Odivelas)<\/strong><\/p>\n\n\n\n<p>Para ter acesso a relat\u00f3rios de trimestres anteriores, relativos a cada freguesia, dever\u00e1 entrar em contacto com o nosso laborat\u00f3rio atrav\u00e9s do seguinte endere\u00e7o de correio eletr\u00f3nico:&nbsp;<a href=\"mailto:qualidade.agua@simar-louresodivelas.pt\">qualidade.agua@simar-louresodivelas.pt<\/a><\/p>\n\t\t\t\t\t\t\t\t<\/div>\n\t\t\t\t<\/div>\n\t\t\t\t\t<\/div>\n\t\t<\/div>\n\t\t\t\t\t<\/div>\n\t\t<\/section>\n\t\t\t\t<\/div>\n\t\t","protected":false},"excerpt":{"rendered":"<p>RESULTADOS ANAL\u00cdTICOS A qualidade da \u00e1gua fornecida aos nossos Clientes \u00e9 uma preocupa\u00e7\u00e3o constante dos SIMAR Loures|Odivelas. Neste sentido, temos vindo a apostar na garantia da desinfe\u00e7\u00e3o da \u00e1gua, realizando ao longo de todo o processo, milhares de an\u00e1lises de forma a monitorizar a Qualidade da \u00c1gua que bebe. Os Servi\u00e7os Intermunicipalizados de Loures e [&hellip;]<\/p>\n","protected":false},"author":1,"featured_media":0,"parent":0,"menu_order":0,"comment_status":"closed","ping_status":"closed","template":"","meta":{"_monsterinsights_skip_tracking":false,"_monsterinsights_sitenote_active":false,"_monsterinsights_sitenote_note":"","_monsterinsights_sitenote_category":0,"_uf_show_specific_survey":0,"_uf_disable_surveys":false,"footnotes":""},"class_list":["post-1742","page","type-page","status-publish","hentry"],"aioseo_notices":[],"_links":{"self":[{"href":"https:\/\/www.simar-louresodivelas.pt\/index.php\/wp-json\/wp\/v2\/pages\/1742","targetHints":{"allow":["GET"]}}],"collection":[{"href":"https:\/\/www.simar-louresodivelas.pt\/index.php\/wp-json\/wp\/v2\/pages"}],"about":[{"href":"https:\/\/www.simar-louresodivelas.pt\/index.php\/wp-json\/wp\/v2\/types\/page"}],"author":[{"embeddable":true,"href":"https:\/\/www.simar-louresodivelas.pt\/index.php\/wp-json\/wp\/v2\/users\/1"}],"replies":[{"embeddable":true,"href":"https:\/\/www.simar-louresodivelas.pt\/index.php\/wp-json\/wp\/v2\/comments?post=1742"}],"version-history":[{"count":6,"href":"https:\/\/www.simar-louresodivelas.pt\/index.php\/wp-json\/wp\/v2\/pages\/1742\/revisions"}],"predecessor-version":[{"id":3418,"href":"https:\/\/www.simar-louresodivelas.pt\/index.php\/wp-json\/wp\/v2\/pages\/1742\/revisions\/3418"}],"wp:attachment":[{"href":"https:\/\/www.simar-louresodivelas.pt\/index.php\/wp-json\/wp\/v2\/media?parent=1742"}],"curies":[{"name":"wp","href":"https:\/\/api.w.org\/{rel}","templated":true}]}}